{"id":392,"date":"2015-01-11T21:27:00","date_gmt":"2015-01-11T20:27:00","guid":{"rendered":"http:\/\/blogs.smbosque.es\/amaya\/?page_id=392"},"modified":"2015-01-12T18:55:25","modified_gmt":"2015-01-12T17:55:25","slug":"fecha-examenes-4oeso","status":"publish","type":"page","link":"https:\/\/blogs.smbosque.es\/amaya\/fecha-examenes-4oeso\/","title":{"rendered":"FECHA EX\u00c1MENES 4\u00baESO"},"content":{"rendered":"<p>A continuaci\u00f3n se mostrar\u00e1n las fechas de ex\u00e1menes previstas para el curso 2014-2015 (Biolog\u00eda y Geolog\u00eda 4\u00baESO). Estas fechas no podr\u00e1n modificarse salvo circunstancias excepcionales.<\/p>\n<p style=\"text-align: justify\"><span style=\"color: #3366ff\"><em>(Pincha sobre tu curso para poder acceder al calendario de ex\u00e1menes)\u00a0<\/em><\/span><\/p>\n<ul>\n<li style=\"text-align: justify\"><a title=\"Ex\u00e1menes 4\u00baA\" href=\"https:\/\/blogs.smbosque.es\/amaya\/fechas-examenes\/\" target=\"_blank\">4\u00baESO A<\/a><\/li>\n<li style=\"text-align: justify\"><a title=\"Ex\u00e1menes 4\u00bab\" href=\"https:\/\/blogs.smbosque.es\/amaya\/examenes-4ob\/\" target=\"_blank\">4\u00baESO B<\/a><\/li>\n<\/ul>\n","protected":false},"excerpt":{"rendered":"<p>A continuaci\u00f3n se mostrar\u00e1n las fechas de ex\u00e1menes previstas para el curso 2014-2015 (Biolog\u00eda y Geolog\u00eda 4\u00baESO). Estas fechas no podr\u00e1n modificarse salvo circunstancias excepcionales. (Pincha sobre tu curso para poder acceder al calendario de ex\u00e1menes)\u00a0 4\u00baESO A 4\u00baESO B<\/p>\n","protected":false},"author":45,"featured_media":0,"parent":0,"menu_order":0,"comment_status":"open","ping_status":"open","template":"","meta":{"footnotes":""},"class_list":["post-392","page","type-page","status-publish","hentry"],"_links":{"self":[{"href":"https:\/\/blogs.smbosque.es\/amaya\/wp-json\/wp\/v2\/pages\/392","targetHints":{"allow":["GET"]}}],"collection":[{"href":"https:\/\/blogs.smbosque.es\/amaya\/wp-json\/wp\/v2\/pages"}],"about":[{"href":"https:\/\/blogs.smbosque.es\/amaya\/wp-json\/wp\/v2\/types\/page"}],"author":[{"embeddable":true,"href":"https:\/\/blogs.smbosque.es\/amaya\/wp-json\/wp\/v2\/users\/45"}],"replies":[{"embeddable":true,"href":"https:\/\/blogs.smbosque.es\/amaya\/wp-json\/wp\/v2\/comments?post=392"}],"version-history":[{"count":4,"href":"https:\/\/blogs.smbosque.es\/amaya\/wp-json\/wp\/v2\/pages\/392\/revisions"}],"predecessor-version":[{"id":401,"href":"https:\/\/blogs.smbosque.es\/amaya\/wp-json\/wp\/v2\/pages\/392\/revisions\/401"}],"wp:attachment":[{"href":"https:\/\/blogs.smbosque.es\/amaya\/wp-json\/wp\/v2\/media?parent=392"}],"curies":[{"name":"wp","href":"https:\/\/api.w.org\/{rel}","templated":true}]}}