{"id":69,"date":"2014-12-17T09:19:24","date_gmt":"2014-12-17T09:19:24","guid":{"rendered":"http:\/\/blogs.smbosque.es\/carmenlopez\/?page_id=69"},"modified":"2015-01-06T14:18:11","modified_gmt":"2015-01-06T14:18:11","slug":"tema-7-el-cambio-climatico-ya-esta-aqui","status":"publish","type":"page","link":"https:\/\/blogs.smbosque.es\/carmenlopez\/temario\/tema-7-el-cambio-climatico-ya-esta-aqui\/","title":{"rendered":"Tema 7: El cambio clim\u00e1tico ya est\u00e1 aqu\u00ed"},"content":{"rendered":"<p><iframe loading=\"lazy\" title=\"Una reflexi\u00f3n- Deterioro ambiental\" width=\"584\" height=\"438\" src=\"https:\/\/www.youtube.com\/embed\/tWNM_EIaUvc?feature=oembed\" frameborder=\"0\" allow=\"accelerometer; autoplay; clipboard-write; encrypted-media; gyroscope; picture-in-picture; web-share\" referrerpolicy=\"strict-origin-when-cross-origin\" allowfullscreen><\/iframe><\/p>\n","protected":false},"excerpt":{"rendered":"","protected":false},"author":24,"featured_media":0,"parent":97,"menu_order":0,"comment_status":"open","ping_status":"open","template":"","meta":{"footnotes":""},"class_list":["post-69","page","type-page","status-publish","hentry"],"_links":{"self":[{"href":"https:\/\/blogs.smbosque.es\/carmenlopez\/wp-json\/wp\/v2\/pages\/69","targetHints":{"allow":["GET"]}}],"collection":[{"href":"https:\/\/blogs.smbosque.es\/carmenlopez\/wp-json\/wp\/v2\/pages"}],"about":[{"href":"https:\/\/blogs.smbosque.es\/carmenlopez\/wp-json\/wp\/v2\/types\/page"}],"author":[{"embeddable":true,"href":"https:\/\/blogs.smbosque.es\/carmenlopez\/wp-json\/wp\/v2\/users\/24"}],"replies":[{"embeddable":true,"href":"https:\/\/blogs.smbosque.es\/carmenlopez\/wp-json\/wp\/v2\/comments?post=69"}],"version-history":[{"count":3,"href":"https:\/\/blogs.smbosque.es\/carmenlopez\/wp-json\/wp\/v2\/pages\/69\/revisions"}],"predecessor-version":[{"id":196,"href":"https:\/\/blogs.smbosque.es\/carmenlopez\/wp-json\/wp\/v2\/pages\/69\/revisions\/196"}],"up":[{"embeddable":true,"href":"https:\/\/blogs.smbosque.es\/carmenlopez\/wp-json\/wp\/v2\/pages\/97"}],"wp:attachment":[{"href":"https:\/\/blogs.smbosque.es\/carmenlopez\/wp-json\/wp\/v2\/media?parent=69"}],"curies":[{"name":"wp","href":"https:\/\/api.w.org\/{rel}","templated":true}]}}