{"id":97,"date":"2014-12-17T10:30:44","date_gmt":"2014-12-17T10:30:44","guid":{"rendered":"http:\/\/blogs.smbosque.es\/carmenlopez\/?page_id=97"},"modified":"2015-01-13T18:38:30","modified_gmt":"2015-01-13T18:38:30","slug":"temario","status":"publish","type":"page","link":"https:\/\/blogs.smbosque.es\/carmenlopez\/temario\/","title":{"rendered":"Temario"},"content":{"rendered":"<ol>\n<li><a title=\"Tema 1: Nuestro lugar en el Universo\" href=\"https:\/\/blogs.smbosque.es\/carmenlopez\/temario\/tema-1-nuestro-lugar-en-el-universo\/\">Nuestro lugar en el Universo<\/a><\/li>\n<li><a title=\"Tema 2: \u00bfQu\u00e9 nos hizo especialmente humanos?\" href=\"https:\/\/blogs.smbosque.es\/carmenlopez\/temario\/tema-2-que-nos-hizo-especialmente-humanos\/\">\u00bfQu\u00e9 nos hizo espec\u00edficamente humanos?<\/a><\/li>\n<li><a title=\"Tema 3: Las plagas del Siglo XXI\" href=\"https:\/\/blogs.smbosque.es\/carmenlopez\/temario\/tema-3-las-plagas-del-siglo-xxi\/\">Las plagas del siglo XXI<\/a><\/li>\n<li><a title=\"Tema 4: Vivir m\u00e1s, vivir mejor\" href=\"https:\/\/blogs.smbosque.es\/carmenlopez\/temario\/tema-4-vivir-mas-vivir-mejor\/\">Vivir m\u00e1s, vivir mejor<\/a><\/li>\n<li><a title=\"Tema 5: De los trasplantes a las c\u00e9lulas madre\" href=\"https:\/\/blogs.smbosque.es\/carmenlopez\/temario\/tema-5-de-los-trasplantes-a-las-celulas-madre\/\">De los transplantes a las c\u00e9lulas madre<\/a><\/li>\n<li><a title=\"Tema 6: La revoluci\u00f3n gen\u00e9tica\" href=\"https:\/\/blogs.smbosque.es\/carmenlopez\/temario\/tema-6-la-revolucion-genetica\/\">La revoluci\u00f3n gen\u00e9tica<\/a><\/li>\n<li><a title=\"Tema 7: El cambio clim\u00e1tico ya est\u00e1 aqu\u00ed\" href=\"https:\/\/blogs.smbosque.es\/carmenlopez\/temario\/tema-7-el-cambio-climatico-ya-esta-aqui\/\">El cambio clim\u00e1tico ya est\u00e1 aqu\u00ed<\/a><\/li>\n<li><a title=\"Tema 8: \u00bfSon naturales las cat\u00e1strofes?\" href=\"https:\/\/blogs.smbosque.es\/carmenlopez\/temario\/tema-8-son-naturales-las-catastrofes\/\">\u00bfSon naturales las cat\u00e1strofes?<\/a><\/li>\n<li><a title=\"Tema 9: La energ\u00eda y el problema energ\u00e9tico\" href=\"https:\/\/blogs.smbosque.es\/carmenlopez\/temario\/tema-9-la-energia-y-el-problema-energetico\/\">La energ\u00eda y el problema energ\u00e9tico<\/a><\/li>\n<li><a title=\"Tema 10: \u00bfHay agua para todos?\" href=\"https:\/\/blogs.smbosque.es\/carmenlopez\/temario\/tema-10-hay-agua-para-todos\/\">\u00bfHay agua para todos?<\/a><\/li>\n<li><a title=\"Tema 11: Hacia un desarrollo sostenible\" href=\"https:\/\/blogs.smbosque.es\/carmenlopez\/temario\/tema-11-hacia-un-desarrollo-sostenible\/\">Hacia un desarrollo sostenible<\/a><\/li>\n<li><a title=\"Tema 12: Materiales: uso y consumo\" href=\"https:\/\/blogs.smbosque.es\/carmenlopez\/temario\/tema-12-materiales-uso-y-consumo\/\">Materiales: uso y consumo<\/a><\/li>\n<li><a title=\"Tema 13: Nuevas necesidades, nuevos materiales\" href=\"https:\/\/blogs.smbosque.es\/carmenlopez\/temario\/tema-13-nuevas-necesidades-nuevos-materiales\/\">Nuevas necesidades, nuevos materiales<\/a><\/li>\n<li><a title=\"Tema 14: Un mundo interconectado: la revoluci\u00f3n digital\" href=\"https:\/\/blogs.smbosque.es\/carmenlopez\/temario\/tema-14-un-mundo-interconectado-la-revolucion-digital\/\">Un mundo interconectado: la revoluci\u00f3n digital<\/a><\/li>\n<\/ol>\n","protected":false},"excerpt":{"rendered":"<p>Nuestro lugar en el Universo \u00bfQu\u00e9 nos hizo espec\u00edficamente humanos? Las plagas del siglo XXI Vivir m\u00e1s, vivir mejor De los transplantes a las c\u00e9lulas madre La revoluci\u00f3n gen\u00e9tica El cambio clim\u00e1tico ya est\u00e1 aqu\u00ed \u00bfSon naturales las cat\u00e1strofes? La &hellip; <a href=\"https:\/\/blogs.smbosque.es\/carmenlopez\/temario\/\">Sigue leyendo <span class=\"meta-nav\">&rarr;<\/span><\/a><\/p>\n","protected":false},"author":24,"featured_media":0,"parent":0,"menu_order":0,"comment_status":"open","ping_status":"open","template":"","meta":{"footnotes":""},"class_list":["post-97","page","type-page","status-publish","hentry"],"_links":{"self":[{"href":"https:\/\/blogs.smbosque.es\/carmenlopez\/wp-json\/wp\/v2\/pages\/97","targetHints":{"allow":["GET"]}}],"collection":[{"href":"https:\/\/blogs.smbosque.es\/carmenlopez\/wp-json\/wp\/v2\/pages"}],"about":[{"href":"https:\/\/blogs.smbosque.es\/carmenlopez\/wp-json\/wp\/v2\/types\/page"}],"author":[{"embeddable":true,"href":"https:\/\/blogs.smbosque.es\/carmenlopez\/wp-json\/wp\/v2\/users\/24"}],"replies":[{"embeddable":true,"href":"https:\/\/blogs.smbosque.es\/carmenlopez\/wp-json\/wp\/v2\/comments?post=97"}],"version-history":[{"count":4,"href":"https:\/\/blogs.smbosque.es\/carmenlopez\/wp-json\/wp\/v2\/pages\/97\/revisions"}],"predecessor-version":[{"id":158,"href":"https:\/\/blogs.smbosque.es\/carmenlopez\/wp-json\/wp\/v2\/pages\/97\/revisions\/158"}],"wp:attachment":[{"href":"https:\/\/blogs.smbosque.es\/carmenlopez\/wp-json\/wp\/v2\/media?parent=97"}],"curies":[{"name":"wp","href":"https:\/\/api.w.org\/{rel}","templated":true}]}}