{"id":115,"date":"2015-06-22T13:16:14","date_gmt":"2015-06-22T11:16:14","guid":{"rendered":"http:\/\/blogs.smbosque.es\/fidelsmb\/?page_id=115"},"modified":"2015-06-29T20:07:22","modified_gmt":"2015-06-29T18:07:22","slug":"hall-of-fame","status":"publish","type":"page","link":"https:\/\/blogs.smbosque.es\/fidelsmb\/hall-of-fame\/","title":{"rendered":"Sal\u00f3n de la Fama -2015 [{]"},"content":{"rendered":"<p><a href=\"https:\/\/blogs.smbosque.es\/fidelsmb\/files\/2015\/06\/Hall_of_Fame-copia.jpg\"><img loading=\"lazy\" decoding=\"async\" class=\"  wp-image-116 aligncenter\" src=\"https:\/\/blogs.smbosque.es\/fidelsmb\/files\/2015\/06\/Hall_of_Fame-copia-300x91.jpg\" alt=\"Hall_of_Fame copia\" width=\"346\" height=\"105\" srcset=\"https:\/\/blogs.smbosque.es\/fidelsmb\/files\/2015\/06\/Hall_of_Fame-copia-300x91.jpg 300w, https:\/\/blogs.smbosque.es\/fidelsmb\/files\/2015\/06\/Hall_of_Fame-copia-1024x309.jpg 1024w, https:\/\/blogs.smbosque.es\/fidelsmb\/files\/2015\/06\/Hall_of_Fame-copia-900x272.jpg 900w, https:\/\/blogs.smbosque.es\/fidelsmb\/files\/2015\/06\/Hall_of_Fame-copia.jpg 1500w\" sizes=\"auto, (max-width: 346px) 100vw, 346px\" \/><\/a><\/p>\n<p>Hola a todos!!!!!!<\/p>\n<p>grandes y peque\u00f1os, chicos y chicas, ni\u00f1os y ancianos&#8230;<\/p>\n<p>En esta p\u00e1gina exponemos los trabajos m\u00e1s sobresalientes del curso en las materias de Educaci\u00f3n Pl\u00e1stica y Visual\u00a0y\u00a0Dibujo T\u00e9cnico I<\/p>\n<p>Pasen, vean y disfruten!!!!!!!!!<\/p>\n<p><span style=\"text-decoration: underline\">1\u00ba ESO<\/span><\/p>\n<div id='gallery-1' class='gallery galleryid-115 gallery-columns-3 gallery-size-thumbnail'><dl class='gallery-item'>\n\t\t\t<dt class='gallery-icon landscape'>\n\t\t\t\t<a href='https:\/\/blogs.smbosque.es\/fidelsmb\/files\/2015\/06\/1\u00baESOA_Hori-Belchi.jpg'><img loading=\"lazy\" decoding=\"async\" width=\"150\" height=\"150\" src=\"https:\/\/blogs.smbosque.es\/fidelsmb\/files\/2015\/06\/1\u00baESOA_Hori-Belchi-150x150.jpg\" class=\"attachment-thumbnail size-thumbnail\" alt=\"\" srcset=\"https:\/\/blogs.smbosque.es\/fidelsmb\/files\/2015\/06\/1\u00baESOA_Hori-Belchi-150x150.jpg 150w, https:\/\/blogs.smbosque.es\/fidelsmb\/files\/2015\/06\/1\u00baESOA_Hori-Belchi-144x144.jpg 144w\" sizes=\"auto, (max-width: 150px) 100vw, 150px\" \/><\/a>\n\t\t\t<\/dt><\/dl><dl class='gallery-item'>\n\t\t\t<dt class='gallery-icon landscape'>\n\t\t\t\t<a href='https:\/\/blogs.smbosque.es\/fidelsmb\/files\/2015\/06\/1\u00baESOA_Hanna-Nu\u00f1ez.jpg'><img loading=\"lazy\" decoding=\"async\" width=\"150\" height=\"150\" src=\"https:\/\/blogs.smbosque.es\/fidelsmb\/files\/2015\/06\/1\u00baESOA_Hanna-Nu\u00f1ez-150x150.jpg\" class=\"attachment-thumbnail size-thumbnail\" alt=\"\" srcset=\"https:\/\/blogs.smbosque.es\/fidelsmb\/files\/2015\/06\/1\u00baESOA_Hanna-Nu\u00f1ez-150x150.jpg 150w, https:\/\/blogs.smbosque.es\/fidelsmb\/files\/2015\/06\/1\u00baESOA_Hanna-Nu\u00f1ez-144x144.jpg 144w\" sizes=\"auto, (max-width: 150px) 100vw, 150px\" \/><\/a>\n\t\t\t<\/dt><\/dl><dl class='gallery-item'>\n\t\t\t<dt class='gallery-icon portrait'>\n\t\t\t\t<a href='https:\/\/blogs.smbosque.es\/fidelsmb\/files\/2015\/06\/IMG-20150622-WA0014.jpg'><img loading=\"lazy\" decoding=\"async\" width=\"150\" height=\"150\" src=\"https:\/\/blogs.smbosque.es\/fidelsmb\/files\/2015\/06\/IMG-20150622-WA0014-150x150.jpg\" class=\"attachment-thumbnail size-thumbnail\" alt=\"\" srcset=\"https:\/\/blogs.smbosque.es\/fidelsmb\/files\/2015\/06\/IMG-20150622-WA0014-150x150.jpg 150w, https:\/\/blogs.smbosque.es\/fidelsmb\/files\/2015\/06\/IMG-20150622-WA0014-144x144.jpg 144w\" sizes=\"auto, (max-width: 150px) 100vw, 150px\" \/><\/a>\n\t\t\t<\/dt><\/dl><br style=\"clear: both\" \/><dl class='gallery-item'>\n\t\t\t<dt class='gallery-icon portrait'>\n\t\t\t\t<a href='https:\/\/blogs.smbosque.es\/fidelsmb\/files\/2015\/06\/IMG-20150622-WA0008.jpg'><img loading=\"lazy\" decoding=\"async\" width=\"150\" height=\"150\" src=\"https:\/\/blogs.smbosque.es\/fidelsmb\/files\/2015\/06\/IMG-20150622-WA0008-150x150.jpg\" class=\"attachment-thumbnail size-thumbnail\" alt=\"\" srcset=\"https:\/\/blogs.smbosque.es\/fidelsmb\/files\/2015\/06\/IMG-20150622-WA0008-150x150.jpg 150w, https:\/\/blogs.smbosque.es\/fidelsmb\/files\/2015\/06\/IMG-20150622-WA0008-144x144.jpg 144w\" sizes=\"auto, (max-width: 150px) 100vw, 150px\" \/><\/a>\n\t\t\t<\/dt><\/dl><dl class='gallery-item'>\n\t\t\t<dt class='gallery-icon landscape'>\n\t\t\t\t<a href='https:\/\/blogs.smbosque.es\/fidelsmb\/files\/2015\/06\/IMG-20150622-WA0006.jpg'><img loading=\"lazy\" decoding=\"async\" width=\"150\" height=\"150\" src=\"https:\/\/blogs.smbosque.es\/fidelsmb\/files\/2015\/06\/IMG-20150622-WA0006-150x150.jpg\" class=\"attachment-thumbnail size-thumbnail\" alt=\"\" srcset=\"https:\/\/blogs.smbosque.es\/fidelsmb\/files\/2015\/06\/IMG-20150622-WA0006-150x150.jpg 150w, https:\/\/blogs.smbosque.es\/fidelsmb\/files\/2015\/06\/IMG-20150622-WA0006-144x144.jpg 144w\" sizes=\"auto, (max-width: 150px) 100vw, 150px\" \/><\/a>\n\t\t\t<\/dt><\/dl><dl class='gallery-item'>\n\t\t\t<dt class='gallery-icon portrait'>\n\t\t\t\t<a href='https:\/\/blogs.smbosque.es\/fidelsmb\/files\/2015\/06\/IMG-20150622-WA0018.jpg'><img loading=\"lazy\" decoding=\"async\" width=\"150\" height=\"150\" src=\"https:\/\/blogs.smbosque.es\/fidelsmb\/files\/2015\/06\/IMG-20150622-WA0018-150x150.jpg\" class=\"attachment-thumbnail size-thumbnail\" alt=\"\" srcset=\"https:\/\/blogs.smbosque.es\/fidelsmb\/files\/2015\/06\/IMG-20150622-WA0018-150x150.jpg 150w, https:\/\/blogs.smbosque.es\/fidelsmb\/files\/2015\/06\/IMG-20150622-WA0018-144x144.jpg 144w\" sizes=\"auto, (max-width: 150px) 100vw, 150px\" \/><\/a>\n\t\t\t<\/dt><\/dl><br style=\"clear: both\" \/><dl class='gallery-item'>\n\t\t\t<dt class='gallery-icon portrait'>\n\t\t\t\t<a href='https:\/\/blogs.smbosque.es\/fidelsmb\/files\/2015\/06\/IMG-20150622-WA0016.jpg'><img loading=\"lazy\" decoding=\"async\" width=\"150\" height=\"150\" src=\"https:\/\/blogs.smbosque.es\/fidelsmb\/files\/2015\/06\/IMG-20150622-WA0016-150x150.jpg\" class=\"attachment-thumbnail size-thumbnail\" alt=\"\" srcset=\"https:\/\/blogs.smbosque.es\/fidelsmb\/files\/2015\/06\/IMG-20150622-WA0016-150x150.jpg 150w, https:\/\/blogs.smbosque.es\/fidelsmb\/files\/2015\/06\/IMG-20150622-WA0016-144x144.jpg 144w\" sizes=\"auto, (max-width: 150px) 100vw, 150px\" \/><\/a>\n\t\t\t<\/dt><\/dl><dl class='gallery-item'>\n\t\t\t<dt class='gallery-icon portrait'>\n\t\t\t\t<a href='https:\/\/blogs.smbosque.es\/fidelsmb\/files\/2015\/06\/IMG-20150622-WA0012.jpg'><img loading=\"lazy\" decoding=\"async\" width=\"150\" height=\"150\" src=\"https:\/\/blogs.smbosque.es\/fidelsmb\/files\/2015\/06\/IMG-20150622-WA0012-150x150.jpg\" class=\"attachment-thumbnail size-thumbnail\" alt=\"\" srcset=\"https:\/\/blogs.smbosque.es\/fidelsmb\/files\/2015\/06\/IMG-20150622-WA0012-150x150.jpg 150w, https:\/\/blogs.smbosque.es\/fidelsmb\/files\/2015\/06\/IMG-20150622-WA0012-144x144.jpg 144w\" sizes=\"auto, (max-width: 150px) 100vw, 150px\" \/><\/a>\n\t\t\t<\/dt><\/dl><dl class='gallery-item'>\n\t\t\t<dt class='gallery-icon landscape'>\n\t\t\t\t<a href='https:\/\/blogs.smbosque.es\/fidelsmb\/files\/2015\/06\/IMG-20150622-WA0011.jpg'><img loading=\"lazy\" decoding=\"async\" width=\"150\" height=\"150\" src=\"https:\/\/blogs.smbosque.es\/fidelsmb\/files\/2015\/06\/IMG-20150622-WA0011-150x150.jpg\" class=\"attachment-thumbnail size-thumbnail\" alt=\"\" srcset=\"https:\/\/blogs.smbosque.es\/fidelsmb\/files\/2015\/06\/IMG-20150622-WA0011-150x150.jpg 150w, https:\/\/blogs.smbosque.es\/fidelsmb\/files\/2015\/06\/IMG-20150622-WA0011-144x144.jpg 144w\" sizes=\"auto, (max-width: 150px) 100vw, 150px\" \/><\/a>\n\t\t\t<\/dt><\/dl><br style=\"clear: both\" \/><dl class='gallery-item'>\n\t\t\t<dt class='gallery-icon landscape'>\n\t\t\t\t<a href='https:\/\/blogs.smbosque.es\/fidelsmb\/files\/2015\/06\/IMG-20150622-WA0010.jpg'><img loading=\"lazy\" decoding=\"async\" width=\"150\" height=\"150\" src=\"https:\/\/blogs.smbosque.es\/fidelsmb\/files\/2015\/06\/IMG-20150622-WA0010-150x150.jpg\" class=\"attachment-thumbnail size-thumbnail\" alt=\"\" srcset=\"https:\/\/blogs.smbosque.es\/fidelsmb\/files\/2015\/06\/IMG-20150622-WA0010-150x150.jpg 150w, https:\/\/blogs.smbosque.es\/fidelsmb\/files\/2015\/06\/IMG-20150622-WA0010-144x144.jpg 144w\" sizes=\"auto, (max-width: 150px) 100vw, 150px\" \/><\/a>\n\t\t\t<\/dt><\/dl><dl class='gallery-item'>\n\t\t\t<dt class='gallery-icon landscape'>\n\t\t\t\t<a href='https:\/\/blogs.smbosque.es\/fidelsmb\/files\/2015\/06\/IMG-20150622-WA0009.jpg'><img loading=\"lazy\" decoding=\"async\" width=\"150\" height=\"150\" src=\"https:\/\/blogs.smbosque.es\/fidelsmb\/files\/2015\/06\/IMG-20150622-WA0009-150x150.jpg\" class=\"attachment-thumbnail size-thumbnail\" alt=\"\" srcset=\"https:\/\/blogs.smbosque.es\/fidelsmb\/files\/2015\/06\/IMG-20150622-WA0009-150x150.jpg 150w, https:\/\/blogs.smbosque.es\/fidelsmb\/files\/2015\/06\/IMG-20150622-WA0009-144x144.jpg 144w\" sizes=\"auto, (max-width: 150px) 100vw, 150px\" \/><\/a>\n\t\t\t<\/dt><\/dl><dl class='gallery-item'>\n\t\t\t<dt class='gallery-icon portrait'>\n\t\t\t\t<a href='https:\/\/blogs.smbosque.es\/fidelsmb\/files\/2015\/06\/1ESO003_Ruben-Fernandez.jpg'><img loading=\"lazy\" decoding=\"async\" width=\"150\" height=\"150\" src=\"https:\/\/blogs.smbosque.es\/fidelsmb\/files\/2015\/06\/1ESO003_Ruben-Fernandez-150x150.jpg\" class=\"attachment-thumbnail size-thumbnail\" alt=\"\" srcset=\"https:\/\/blogs.smbosque.es\/fidelsmb\/files\/2015\/06\/1ESO003_Ruben-Fernandez-150x150.jpg 150w, https:\/\/blogs.smbosque.es\/fidelsmb\/files\/2015\/06\/1ESO003_Ruben-Fernandez-144x144.jpg 144w\" sizes=\"auto, (max-width: 150px) 100vw, 150px\" \/><\/a>\n\t\t\t<\/dt><\/dl><br style=\"clear: both\" \/><dl class='gallery-item'>\n\t\t\t<dt class='gallery-icon portrait'>\n\t\t\t\t<a href='https:\/\/blogs.smbosque.es\/fidelsmb\/files\/2015\/06\/1ESO002_Ruben-Fernandez.jpg'><img loading=\"lazy\" decoding=\"async\" width=\"150\" height=\"150\" src=\"https:\/\/blogs.smbosque.es\/fidelsmb\/files\/2015\/06\/1ESO002_Ruben-Fernandez-150x150.jpg\" class=\"attachment-thumbnail size-thumbnail\" alt=\"\" srcset=\"https:\/\/blogs.smbosque.es\/fidelsmb\/files\/2015\/06\/1ESO002_Ruben-Fernandez-150x150.jpg 150w, https:\/\/blogs.smbosque.es\/fidelsmb\/files\/2015\/06\/1ESO002_Ruben-Fernandez-144x144.jpg 144w\" sizes=\"auto, (max-width: 150px) 100vw, 150px\" \/><\/a>\n\t\t\t<\/dt><\/dl><dl class='gallery-item'>\n\t\t\t<dt class='gallery-icon landscape'>\n\t\t\t\t<a href='https:\/\/blogs.smbosque.es\/fidelsmb\/files\/2015\/06\/1ESO001_Javier-Lopez.jpg'><img loading=\"lazy\" decoding=\"async\" width=\"150\" height=\"150\" src=\"https:\/\/blogs.smbosque.es\/fidelsmb\/files\/2015\/06\/1ESO001_Javier-Lopez-150x150.jpg\" class=\"attachment-thumbnail size-thumbnail\" alt=\"\" srcset=\"https:\/\/blogs.smbosque.es\/fidelsmb\/files\/2015\/06\/1ESO001_Javier-Lopez-150x150.jpg 150w, https:\/\/blogs.smbosque.es\/fidelsmb\/files\/2015\/06\/1ESO001_Javier-Lopez-144x144.jpg 144w\" sizes=\"auto, (max-width: 150px) 100vw, 150px\" \/><\/a>\n\t\t\t<\/dt><\/dl>\n\t\t\t<br style='clear: both' \/>\n\t\t<\/div>\n\n<p><span style=\"text-decoration: underline\">3\u00ba ESO<\/span><\/p>\n<div id='gallery-2' class='gallery galleryid-115 gallery-columns-6 gallery-size-thumbnail'><dl class='gallery-item'>\n\t\t\t<dt class='gallery-icon portrait'>\n\t\t\t\t<a href='https:\/\/blogs.smbosque.es\/fidelsmb\/3eso002_ruben-marquina\/'><img loading=\"lazy\" decoding=\"async\" width=\"150\" height=\"150\" src=\"https:\/\/blogs.smbosque.es\/fidelsmb\/files\/2015\/06\/3ESO002_Rub\u00e9n-Marquina-150x150.jpg\" class=\"attachment-thumbnail size-thumbnail\" alt=\"\" srcset=\"https:\/\/blogs.smbosque.es\/fidelsmb\/files\/2015\/06\/3ESO002_Rub\u00e9n-Marquina-150x150.jpg 150w, https:\/\/blogs.smbosque.es\/fidelsmb\/files\/2015\/06\/3ESO002_Rub\u00e9n-Marquina-144x144.jpg 144w\" sizes=\"auto, (max-width: 150px) 100vw, 150px\" \/><\/a>\n\t\t\t<\/dt><\/dl><dl class='gallery-item'>\n\t\t\t<dt class='gallery-icon portrait'>\n\t\t\t\t<a href='https:\/\/blogs.smbosque.es\/fidelsmb\/3eso001_adrian-lopez-raul-lopez\/'><img loading=\"lazy\" decoding=\"async\" width=\"150\" height=\"150\" src=\"https:\/\/blogs.smbosque.es\/fidelsmb\/files\/2015\/06\/3ESO001_Adri\u00e1n-L\u00f3pez-Ra\u00fal-L\u00f3pez-150x150.jpg\" class=\"attachment-thumbnail size-thumbnail\" alt=\"\" srcset=\"https:\/\/blogs.smbosque.es\/fidelsmb\/files\/2015\/06\/3ESO001_Adri\u00e1n-L\u00f3pez-Ra\u00fal-L\u00f3pez-150x150.jpg 150w, https:\/\/blogs.smbosque.es\/fidelsmb\/files\/2015\/06\/3ESO001_Adri\u00e1n-L\u00f3pez-Ra\u00fal-L\u00f3pez-144x144.jpg 144w\" sizes=\"auto, (max-width: 150px) 100vw, 150px\" \/><\/a>\n\t\t\t<\/dt><\/dl><dl class='gallery-item'>\n\t\t\t<dt class='gallery-icon landscape'>\n\t\t\t\t<a href='https:\/\/blogs.smbosque.es\/fidelsmb\/3eso020_maria-plamenova\/'><img loading=\"lazy\" decoding=\"async\" width=\"150\" height=\"150\" src=\"https:\/\/blogs.smbosque.es\/fidelsmb\/files\/2015\/06\/3ESO020_Maria-Plamenova-150x150.jpg\" class=\"attachment-thumbnail size-thumbnail\" alt=\"\" srcset=\"https:\/\/blogs.smbosque.es\/fidelsmb\/files\/2015\/06\/3ESO020_Maria-Plamenova-150x150.jpg 150w, https:\/\/blogs.smbosque.es\/fidelsmb\/files\/2015\/06\/3ESO020_Maria-Plamenova-144x144.jpg 144w\" sizes=\"auto, (max-width: 150px) 100vw, 150px\" \/><\/a>\n\t\t\t<\/dt><\/dl><dl class='gallery-item'>\n\t\t\t<dt class='gallery-icon landscape'>\n\t\t\t\t<a href='https:\/\/blogs.smbosque.es\/fidelsmb\/3eso019_celia-de-pablo\/'><img loading=\"lazy\" decoding=\"async\" width=\"150\" height=\"150\" src=\"https:\/\/blogs.smbosque.es\/fidelsmb\/files\/2015\/06\/3ESO019_Celia-de-Pablo-150x150.jpg\" class=\"attachment-thumbnail size-thumbnail\" alt=\"\" srcset=\"https:\/\/blogs.smbosque.es\/fidelsmb\/files\/2015\/06\/3ESO019_Celia-de-Pablo-150x150.jpg 150w, https:\/\/blogs.smbosque.es\/fidelsmb\/files\/2015\/06\/3ESO019_Celia-de-Pablo-144x144.jpg 144w\" sizes=\"auto, (max-width: 150px) 100vw, 150px\" \/><\/a>\n\t\t\t<\/dt><\/dl><dl class='gallery-item'>\n\t\t\t<dt class='gallery-icon landscape'>\n\t\t\t\t<a href='https:\/\/blogs.smbosque.es\/fidelsmb\/3eso018_carla-leon\/'><img loading=\"lazy\" decoding=\"async\" width=\"150\" height=\"150\" src=\"https:\/\/blogs.smbosque.es\/fidelsmb\/files\/2015\/06\/3ESO018_Carla-Leon-150x150.jpg\" class=\"attachment-thumbnail size-thumbnail\" alt=\"\" srcset=\"https:\/\/blogs.smbosque.es\/fidelsmb\/files\/2015\/06\/3ESO018_Carla-Leon-150x150.jpg 150w, https:\/\/blogs.smbosque.es\/fidelsmb\/files\/2015\/06\/3ESO018_Carla-Leon-144x144.jpg 144w\" sizes=\"auto, (max-width: 150px) 100vw, 150px\" \/><\/a>\n\t\t\t<\/dt><\/dl><dl class='gallery-item'>\n\t\t\t<dt class='gallery-icon landscape'>\n\t\t\t\t<a href='https:\/\/blogs.smbosque.es\/fidelsmb\/3eso017_raquel-chaves\/'><img loading=\"lazy\" decoding=\"async\" width=\"150\" height=\"150\" src=\"https:\/\/blogs.smbosque.es\/fidelsmb\/files\/2015\/06\/3ESO017_Raquel-Chaves-150x150.jpg\" class=\"attachment-thumbnail size-thumbnail\" alt=\"\" srcset=\"https:\/\/blogs.smbosque.es\/fidelsmb\/files\/2015\/06\/3ESO017_Raquel-Chaves-150x150.jpg 150w, https:\/\/blogs.smbosque.es\/fidelsmb\/files\/2015\/06\/3ESO017_Raquel-Chaves-144x144.jpg 144w\" sizes=\"auto, (max-width: 150px) 100vw, 150px\" \/><\/a>\n\t\t\t<\/dt><\/dl><br style=\"clear: both\" \/><dl class='gallery-item'>\n\t\t\t<dt class='gallery-icon landscape'>\n\t\t\t\t<a href='https:\/\/blogs.smbosque.es\/fidelsmb\/3eso016_jean-carlos-bobadilla\/'><img loading=\"lazy\" decoding=\"async\" width=\"150\" height=\"150\" src=\"https:\/\/blogs.smbosque.es\/fidelsmb\/files\/2015\/06\/3ESO016_Jean-Carlos-Bobadilla-150x150.jpg\" class=\"attachment-thumbnail size-thumbnail\" alt=\"\" srcset=\"https:\/\/blogs.smbosque.es\/fidelsmb\/files\/2015\/06\/3ESO016_Jean-Carlos-Bobadilla-150x150.jpg 150w, https:\/\/blogs.smbosque.es\/fidelsmb\/files\/2015\/06\/3ESO016_Jean-Carlos-Bobadilla-300x298.jpg 300w, https:\/\/blogs.smbosque.es\/fidelsmb\/files\/2015\/06\/3ESO016_Jean-Carlos-Bobadilla-144x144.jpg 144w, https:\/\/blogs.smbosque.es\/fidelsmb\/files\/2015\/06\/3ESO016_Jean-Carlos-Bobadilla.jpg 360w\" sizes=\"auto, (max-width: 150px) 100vw, 150px\" \/><\/a>\n\t\t\t<\/dt><\/dl><dl class='gallery-item'>\n\t\t\t<dt class='gallery-icon landscape'>\n\t\t\t\t<a href='https:\/\/blogs.smbosque.es\/fidelsmb\/3eso015_sara-garcia\/'><img loading=\"lazy\" decoding=\"async\" width=\"150\" height=\"150\" src=\"https:\/\/blogs.smbosque.es\/fidelsmb\/files\/2015\/06\/3ESO015_Sara-Garcia-150x150.jpg\" class=\"attachment-thumbnail size-thumbnail\" alt=\"\" srcset=\"https:\/\/blogs.smbosque.es\/fidelsmb\/files\/2015\/06\/3ESO015_Sara-Garcia-150x150.jpg 150w, https:\/\/blogs.smbosque.es\/fidelsmb\/files\/2015\/06\/3ESO015_Sara-Garcia-144x144.jpg 144w\" sizes=\"auto, (max-width: 150px) 100vw, 150px\" \/><\/a>\n\t\t\t<\/dt><\/dl><dl class='gallery-item'>\n\t\t\t<dt class='gallery-icon portrait'>\n\t\t\t\t<a href='https:\/\/blogs.smbosque.es\/fidelsmb\/3eso014_daniel-pascual\/'><img loading=\"lazy\" decoding=\"async\" width=\"150\" height=\"150\" src=\"https:\/\/blogs.smbosque.es\/fidelsmb\/files\/2015\/06\/3ESO014_Daniel-Pascual-150x150.jpg\" class=\"attachment-thumbnail size-thumbnail\" alt=\"\" srcset=\"https:\/\/blogs.smbosque.es\/fidelsmb\/files\/2015\/06\/3ESO014_Daniel-Pascual-150x150.jpg 150w, https:\/\/blogs.smbosque.es\/fidelsmb\/files\/2015\/06\/3ESO014_Daniel-Pascual-144x144.jpg 144w\" sizes=\"auto, (max-width: 150px) 100vw, 150px\" \/><\/a>\n\t\t\t<\/dt><\/dl><dl class='gallery-item'>\n\t\t\t<dt class='gallery-icon portrait'>\n\t\t\t\t<a href='https:\/\/blogs.smbosque.es\/fidelsmb\/3eso013_sara-garcia\/'><img loading=\"lazy\" decoding=\"async\" width=\"150\" height=\"150\" src=\"https:\/\/blogs.smbosque.es\/fidelsmb\/files\/2015\/06\/3ESO013_Sara-Garcia-150x150.jpg\" class=\"attachment-thumbnail size-thumbnail\" alt=\"\" srcset=\"https:\/\/blogs.smbosque.es\/fidelsmb\/files\/2015\/06\/3ESO013_Sara-Garcia-150x150.jpg 150w, https:\/\/blogs.smbosque.es\/fidelsmb\/files\/2015\/06\/3ESO013_Sara-Garcia-144x144.jpg 144w\" sizes=\"auto, (max-width: 150px) 100vw, 150px\" \/><\/a>\n\t\t\t<\/dt><\/dl><dl class='gallery-item'>\n\t\t\t<dt class='gallery-icon portrait'>\n\t\t\t\t<a href='https:\/\/blogs.smbosque.es\/fidelsmb\/2015\/06\/29\/hall-of-fame_2015\/3eso012_jean-carlos-bobadilla\/'><img loading=\"lazy\" decoding=\"async\" width=\"150\" height=\"150\" src=\"https:\/\/blogs.smbosque.es\/fidelsmb\/files\/2015\/06\/3ESO012_Jean-Carlos-Bobadilla-150x150.jpg\" class=\"attachment-thumbnail size-thumbnail\" alt=\"\" srcset=\"https:\/\/blogs.smbosque.es\/fidelsmb\/files\/2015\/06\/3ESO012_Jean-Carlos-Bobadilla-150x150.jpg 150w, https:\/\/blogs.smbosque.es\/fidelsmb\/files\/2015\/06\/3ESO012_Jean-Carlos-Bobadilla-144x144.jpg 144w\" sizes=\"auto, (max-width: 150px) 100vw, 150px\" \/><\/a>\n\t\t\t<\/dt><\/dl><dl class='gallery-item'>\n\t\t\t<dt class='gallery-icon landscape'>\n\t\t\t\t<a href='https:\/\/blogs.smbosque.es\/fidelsmb\/3eso011_jean-carlos-bobadilla\/'><img loading=\"lazy\" decoding=\"async\" width=\"150\" height=\"150\" src=\"https:\/\/blogs.smbosque.es\/fidelsmb\/files\/2015\/06\/3ESO011_Jean-Carlos-Bobadilla-150x150.jpg\" class=\"attachment-thumbnail size-thumbnail\" alt=\"\" srcset=\"https:\/\/blogs.smbosque.es\/fidelsmb\/files\/2015\/06\/3ESO011_Jean-Carlos-Bobadilla-150x150.jpg 150w, https:\/\/blogs.smbosque.es\/fidelsmb\/files\/2015\/06\/3ESO011_Jean-Carlos-Bobadilla-144x144.jpg 144w\" sizes=\"auto, (max-width: 150px) 100vw, 150px\" \/><\/a>\n\t\t\t<\/dt><\/dl><br style=\"clear: both\" \/><dl class='gallery-item'>\n\t\t\t<dt class='gallery-icon portrait'>\n\t\t\t\t<a href='https:\/\/blogs.smbosque.es\/fidelsmb\/3eso010_malena-cano\/'><img loading=\"lazy\" decoding=\"async\" width=\"150\" height=\"150\" src=\"https:\/\/blogs.smbosque.es\/fidelsmb\/files\/2015\/06\/3ESO010_Malena-Cano-150x150.jpg\" class=\"attachment-thumbnail size-thumbnail\" alt=\"\" srcset=\"https:\/\/blogs.smbosque.es\/fidelsmb\/files\/2015\/06\/3ESO010_Malena-Cano-150x150.jpg 150w, https:\/\/blogs.smbosque.es\/fidelsmb\/files\/2015\/06\/3ESO010_Malena-Cano-144x144.jpg 144w\" sizes=\"auto, (max-width: 150px) 100vw, 150px\" \/><\/a>\n\t\t\t<\/dt><\/dl><dl class='gallery-item'>\n\t\t\t<dt class='gallery-icon landscape'>\n\t\t\t\t<a href='https:\/\/blogs.smbosque.es\/fidelsmb\/3eso009_alba-panos\/'><img loading=\"lazy\" decoding=\"async\" width=\"150\" height=\"150\" src=\"https:\/\/blogs.smbosque.es\/fidelsmb\/files\/2015\/06\/3ESO009_Alba-Pa\u00f1os-150x150.jpg\" class=\"attachment-thumbnail size-thumbnail\" alt=\"\" srcset=\"https:\/\/blogs.smbosque.es\/fidelsmb\/files\/2015\/06\/3ESO009_Alba-Pa\u00f1os-150x150.jpg 150w, https:\/\/blogs.smbosque.es\/fidelsmb\/files\/2015\/06\/3ESO009_Alba-Pa\u00f1os-144x144.jpg 144w\" sizes=\"auto, (max-width: 150px) 100vw, 150px\" \/><\/a>\n\t\t\t<\/dt><\/dl><dl class='gallery-item'>\n\t\t\t<dt class='gallery-icon landscape'>\n\t\t\t\t<a href='https:\/\/blogs.smbosque.es\/fidelsmb\/3eso008_sara-vadillo\/'><img loading=\"lazy\" decoding=\"async\" width=\"150\" height=\"150\" src=\"https:\/\/blogs.smbosque.es\/fidelsmb\/files\/2015\/06\/3ESO008_Sara-Vadillo-150x150.jpg\" class=\"attachment-thumbnail size-thumbnail\" alt=\"\" srcset=\"https:\/\/blogs.smbosque.es\/fidelsmb\/files\/2015\/06\/3ESO008_Sara-Vadillo-150x150.jpg 150w, https:\/\/blogs.smbosque.es\/fidelsmb\/files\/2015\/06\/3ESO008_Sara-Vadillo-144x144.jpg 144w\" sizes=\"auto, (max-width: 150px) 100vw, 150px\" \/><\/a>\n\t\t\t<\/dt><\/dl><dl class='gallery-item'>\n\t\t\t<dt class='gallery-icon landscape'>\n\t\t\t\t<a href='https:\/\/blogs.smbosque.es\/fidelsmb\/3eso007_alba-panos\/'><img loading=\"lazy\" decoding=\"async\" width=\"150\" height=\"150\" src=\"https:\/\/blogs.smbosque.es\/fidelsmb\/files\/2015\/06\/3ESO007_Alba-Pa\u00f1os-150x150.jpg\" class=\"attachment-thumbnail size-thumbnail\" alt=\"\" srcset=\"https:\/\/blogs.smbosque.es\/fidelsmb\/files\/2015\/06\/3ESO007_Alba-Pa\u00f1os-150x150.jpg 150w, https:\/\/blogs.smbosque.es\/fidelsmb\/files\/2015\/06\/3ESO007_Alba-Pa\u00f1os-144x144.jpg 144w\" sizes=\"auto, (max-width: 150px) 100vw, 150px\" \/><\/a>\n\t\t\t<\/dt><\/dl><dl class='gallery-item'>\n\t\t\t<dt class='gallery-icon landscape'>\n\t\t\t\t<a href='https:\/\/blogs.smbosque.es\/fidelsmb\/3eso006_alicia-esteban\/'><img loading=\"lazy\" decoding=\"async\" width=\"150\" height=\"150\" src=\"https:\/\/blogs.smbosque.es\/fidelsmb\/files\/2015\/06\/3ESO006_Alicia-Esteban-150x150.jpg\" class=\"attachment-thumbnail size-thumbnail\" alt=\"\" srcset=\"https:\/\/blogs.smbosque.es\/fidelsmb\/files\/2015\/06\/3ESO006_Alicia-Esteban-150x150.jpg 150w, https:\/\/blogs.smbosque.es\/fidelsmb\/files\/2015\/06\/3ESO006_Alicia-Esteban-144x144.jpg 144w\" sizes=\"auto, (max-width: 150px) 100vw, 150px\" \/><\/a>\n\t\t\t<\/dt><\/dl><dl class='gallery-item'>\n\t\t\t<dt class='gallery-icon portrait'>\n\t\t\t\t<a href='https:\/\/blogs.smbosque.es\/fidelsmb\/3eso005_davinia-perez-cristina-galvez\/'><img loading=\"lazy\" decoding=\"async\" width=\"150\" height=\"150\" src=\"https:\/\/blogs.smbosque.es\/fidelsmb\/files\/2015\/06\/3ESO005_Davinia-P\u00e9rez-Cristina-G\u00e1lvez-150x150.jpg\" class=\"attachment-thumbnail size-thumbnail\" alt=\"\" srcset=\"https:\/\/blogs.smbosque.es\/fidelsmb\/files\/2015\/06\/3ESO005_Davinia-P\u00e9rez-Cristina-G\u00e1lvez-150x150.jpg 150w, https:\/\/blogs.smbosque.es\/fidelsmb\/files\/2015\/06\/3ESO005_Davinia-P\u00e9rez-Cristina-G\u00e1lvez-144x144.jpg 144w\" sizes=\"auto, (max-width: 150px) 100vw, 150px\" \/><\/a>\n\t\t\t<\/dt><\/dl><br style=\"clear: both\" \/><dl class='gallery-item'>\n\t\t\t<dt class='gallery-icon portrait'>\n\t\t\t\t<a href='https:\/\/blogs.smbosque.es\/fidelsmb\/3eso004_paula-canedo\/'><img loading=\"lazy\" decoding=\"async\" width=\"150\" height=\"150\" src=\"https:\/\/blogs.smbosque.es\/fidelsmb\/files\/2015\/06\/3ESO004_Paula-Canedo-150x150.jpg\" class=\"attachment-thumbnail size-thumbnail\" alt=\"\" srcset=\"https:\/\/blogs.smbosque.es\/fidelsmb\/files\/2015\/06\/3ESO004_Paula-Canedo-150x150.jpg 150w, https:\/\/blogs.smbosque.es\/fidelsmb\/files\/2015\/06\/3ESO004_Paula-Canedo-144x144.jpg 144w\" sizes=\"auto, (max-width: 150px) 100vw, 150px\" \/><\/a>\n\t\t\t<\/dt><\/dl><dl class='gallery-item'>\n\t\t\t<dt class='gallery-icon landscape'>\n\t\t\t\t<a href='https:\/\/blogs.smbosque.es\/fidelsmb\/3eso003_alicia-esteban\/'><img loading=\"lazy\" decoding=\"async\" width=\"150\" height=\"150\" src=\"https:\/\/blogs.smbosque.es\/fidelsmb\/files\/2015\/06\/3ESO003_Alicia-Esteban-150x150.jpg\" class=\"attachment-thumbnail size-thumbnail\" alt=\"\" srcset=\"https:\/\/blogs.smbosque.es\/fidelsmb\/files\/2015\/06\/3ESO003_Alicia-Esteban-150x150.jpg 150w, https:\/\/blogs.smbosque.es\/fidelsmb\/files\/2015\/06\/3ESO003_Alicia-Esteban-144x144.jpg 144w\" sizes=\"auto, (max-width: 150px) 100vw, 150px\" \/><\/a>\n\t\t\t<\/dt><\/dl>\n\t\t\t<br style='clear: both' \/>\n\t\t<\/div>\n\n<p><span style=\"text-decoration: underline\">\u00a01\u00ba Bachillerato<\/span><\/p>\n<p>&nbsp;<\/p>\n<p><iframe loading=\"lazy\" title=\"Hall of Fame 1\u00ba Bach 2014 2015\" width=\"640\" height=\"480\" src=\"https:\/\/www.youtube.com\/embed\/_tM7XawleI4?feature=oembed\" frameborder=\"0\" allow=\"accelerometer; autoplay; clipboard-write; encrypted-media; gyroscope; picture-in-picture; web-share\" referrerpolicy=\"strict-origin-when-cross-origin\" allowfullscreen><\/iframe><\/p>\n<p>&nbsp;<\/p>\n<p>&nbsp;<\/p>\n<p>&nbsp;<\/p>\n","protected":false},"excerpt":{"rendered":"<p>Hola a todos!!!!!! grandes y peque\u00f1os, chicos y chicas, ni\u00f1os y ancianos&#8230; En esta p\u00e1gina exponemos los trabajos m\u00e1s sobresalientes del curso en las materias de Educaci\u00f3n Pl\u00e1stica y Visual\u00a0y\u00a0Dibujo T\u00e9cnico I Pasen, vean y disfruten!!!!!!!!! 1\u00ba ESO 3\u00ba ESO &hellip; <a href=\"https:\/\/blogs.smbosque.es\/fidelsmb\/hall-of-fame\/\">Sigue leyendo <span class=\"meta-nav\">&rarr;<\/span><\/a><\/p>\n","protected":false},"author":40,"featured_media":162,"parent":0,"menu_order":1,"comment_status":"open","ping_status":"open","template":"","meta":{"footnotes":""},"class_list":["post-115","page","type-page","status-publish","has-post-thumbnail","hentry"],"_links":{"self":[{"href":"https:\/\/blogs.smbosque.es\/fidelsmb\/wp-json\/wp\/v2\/pages\/115","targetHints":{"allow":["GET"]}}],"collection":[{"href":"https:\/\/blogs.smbosque.es\/fidelsmb\/wp-json\/wp\/v2\/pages"}],"about":[{"href":"https:\/\/blogs.smbosque.es\/fidelsmb\/wp-json\/wp\/v2\/types\/page"}],"author":[{"embeddable":true,"href":"https:\/\/blogs.smbosque.es\/fidelsmb\/wp-json\/wp\/v2\/users\/40"}],"replies":[{"embeddable":true,"href":"https:\/\/blogs.smbosque.es\/fidelsmb\/wp-json\/wp\/v2\/comments?post=115"}],"version-history":[{"count":11,"href":"https:\/\/blogs.smbosque.es\/fidelsmb\/wp-json\/wp\/v2\/pages\/115\/revisions"}],"predecessor-version":[{"id":171,"href":"https:\/\/blogs.smbosque.es\/fidelsmb\/wp-json\/wp\/v2\/pages\/115\/revisions\/171"}],"wp:featuredmedia":[{"embeddable":true,"href":"https:\/\/blogs.smbosque.es\/fidelsmb\/wp-json\/wp\/v2\/media\/162"}],"wp:attachment":[{"href":"https:\/\/blogs.smbosque.es\/fidelsmb\/wp-json\/wp\/v2\/media?parent=115"}],"curies":[{"name":"wp","href":"https:\/\/api.w.org\/{rel}","templated":true}]}}