{"id":29,"date":"2014-12-30T13:49:04","date_gmt":"2014-12-30T12:49:04","guid":{"rendered":"http:\/\/blogs.smbosque.es\/matesbachiller\/?page_id=29"},"modified":"2016-09-11T15:38:33","modified_gmt":"2016-09-11T14:38:33","slug":"ejercicios-pau","status":"publish","type":"page","link":"https:\/\/blogs.smbosque.es\/matesbachiller\/ejercicios-pau\/","title":{"rendered":"Ejercicios PAU"},"content":{"rendered":"<p><a href=\"http:\/\/www.fiquipedia.es\/home\/pruebasaccesouniversidad\/paufisica\">Enlace enunciados pruebas PAU &#8211; F\u00edsica<\/a><\/p>\n<p><a href=\"http:\/\/pedroreina.net\/pau\/\">Enlace a enunciados pruebas PAU &#8211; Matem\u00e1ticas<\/a><\/p>\n<p><a href=\"https:\/\/blogs.smbosque.es\/matesbachiller\/files\/2014\/12\/3-2015-09-22-MOD_F\u00cdSICA_2015-2016.pdf\" target=\"_blank\">Modelo F\u00edsica 2016<\/a><\/p>\n<p><a href=\"https:\/\/blogs.smbosque.es\/matesbachiller\/files\/2014\/12\/3-2015-09-22-MOD_MATAPLI_2015-2016.pdf\" target=\"_blank\">Modelo Matem\u00e1ticas II CCSS 2016<\/a><\/p>\n<p><a href=\"https:\/\/blogs.smbosque.es\/matesbachiller\/files\/2014\/12\/3-2015-09-22-MOD_MATEMII_2015-2016.pdf\" target=\"_blank\">Modelo Matem\u00e1ticas II \u00a02016<\/a><\/p>\n<p><a href=\"https:\/\/blogs.smbosque.es\/matesbachiller\/files\/2015\/01\/3-2014-09-22-MOD_MATAPLICSII_2014-2015.pdf\" target=\"_blank\">Modelo Matem\u00e1ticas AA.CC.SS. 2015<\/a><\/p>\n<p><a title=\"Modelo de examen UCM 2015 de F\u00edsica\" href=\"https:\/\/www.ucm.es\/data\/cont\/docs\/3-2014-09-25-MOD_F%C3%8DSICA_2014-2015.pdf\" target=\"_blank\">Modelo F\u00edsica 2015<\/a><\/p>\n<p><a href=\"https:\/\/blogs.smbosque.es\/matesbachiller\/files\/2014\/12\/3-2014-09-22-MOD_MATEM\u00c1TICASII_2014-2015-1.pdf\" target=\"_blank\">Modelo Matem\u00e1ticas II 2015<\/a><\/p>\n","protected":false},"excerpt":{"rendered":"<p>Enlace enunciados pruebas PAU &#8211; F\u00edsica Enlace a enunciados pruebas PAU &#8211; Matem\u00e1ticas Modelo F\u00edsica 2016 Modelo Matem\u00e1ticas II CCSS 2016 Modelo Matem\u00e1ticas II \u00a02016 Modelo Matem\u00e1ticas AA.CC.SS. 2015 Modelo F\u00edsica 2015 Modelo Matem\u00e1ticas II 2015<\/p>\n","protected":false},"author":48,"featured_media":0,"parent":0,"menu_order":0,"comment_status":"open","ping_status":"open","template":"","meta":{"footnotes":""},"class_list":["post-29","page","type-page","status-publish","hentry"],"_links":{"self":[{"href":"https:\/\/blogs.smbosque.es\/matesbachiller\/wp-json\/wp\/v2\/pages\/29","targetHints":{"allow":["GET"]}}],"collection":[{"href":"https:\/\/blogs.smbosque.es\/matesbachiller\/wp-json\/wp\/v2\/pages"}],"about":[{"href":"https:\/\/blogs.smbosque.es\/matesbachiller\/wp-json\/wp\/v2\/types\/page"}],"author":[{"embeddable":true,"href":"https:\/\/blogs.smbosque.es\/matesbachiller\/wp-json\/wp\/v2\/users\/48"}],"replies":[{"embeddable":true,"href":"https:\/\/blogs.smbosque.es\/matesbachiller\/wp-json\/wp\/v2\/comments?post=29"}],"version-history":[{"count":12,"href":"https:\/\/blogs.smbosque.es\/matesbachiller\/wp-json\/wp\/v2\/pages\/29\/revisions"}],"predecessor-version":[{"id":267,"href":"https:\/\/blogs.smbosque.es\/matesbachiller\/wp-json\/wp\/v2\/pages\/29\/revisions\/267"}],"wp:attachment":[{"href":"https:\/\/blogs.smbosque.es\/matesbachiller\/wp-json\/wp\/v2\/media?parent=29"}],"curies":[{"name":"wp","href":"https:\/\/api.w.org\/{rel}","templated":true}]}}