{"id":118,"date":"2020-03-11T12:18:55","date_gmt":"2020-03-11T12:18:55","guid":{"rendered":"http:\/\/blogs.smbosque.es\/primaria\/?page_id=118"},"modified":"2023-10-05T06:12:59","modified_gmt":"2023-10-05T06:12:59","slug":"educacion-secundaria-y-bachillerato","status":"publish","type":"page","link":"https:\/\/blogs.smbosque.es\/online\/educacion-secundaria-y-bachillerato\/","title":{"rendered":"Educaci\u00f3n Secundaria y Bachillerato"},"content":{"rendered":"\n<figure class=\"wp-block-image size-large\"><img loading=\"lazy\" decoding=\"async\" width=\"1024\" height=\"366\" src=\"https:\/\/blogs.smbosque.es\/primaria\/files\/2020\/03\/secundaria-1024x366.png\" alt=\"SECUNDARIA\" class=\"wp-image-116\" srcset=\"https:\/\/blogs.smbosque.es\/online\/files\/2020\/03\/secundaria-1024x366.png 1024w, https:\/\/blogs.smbosque.es\/online\/files\/2020\/03\/secundaria-300x107.png 300w, https:\/\/blogs.smbosque.es\/online\/files\/2020\/03\/secundaria-768x274.png 768w, https:\/\/blogs.smbosque.es\/online\/files\/2020\/03\/secundaria.png 1255w\" sizes=\"auto, (max-width: 1024px) 100vw, 1024px\" \/><\/figure>\n\n\n\n<hr class=\"wp-block-separator has-css-opacity\"\/>\n\n\n\n<p>Te aconsejamos que sigas tu horario semanal y dediques el tiempo necesario para cada materia y sigas las indicaciones de tus profesores. <\/p>\n\n\n\n<hr class=\"wp-block-separator has-css-opacity\"\/>\n\n\n\n<p>Los profesores de Educaci\u00f3n Secundaria y Bachillerato utilizar\u00e1n diferentes medios de comunicaci\u00f3n Email, Blog, Moodle. Si tienes dudas contacta con tu profesor.<\/p>\n\n\n\n<p><\/p>\n\n\n\n<figure class=\"wp-block-table\"><table><tbody><tr><td><\/td><td><\/td><\/tr><tr><td>Florencio Azores<br><\/td><td><a href=\"https:\/\/blogs.smbosque.es\/polentzihistoria\/\">https:\/\/blogs.smbosque.es\/polentzihistoria\/<\/a><\/td><\/tr><tr><td>Carmen Azores<br>carmen@smbosque.es<\/td><td><a href=\"https:\/\/blogs.smbosque.es\/carmenazores\/\">https:\/\/blogs.smbosque.es\/carmenazores\/<\/a><\/td><\/tr><tr><td>Xandra Blanco<br>xandra.blanco.online@smbosque.es<\/td><td><a href=\"https:\/\/blogs.smbosque.es\/orientacion\/\">https:\/\/blogs.smbosque.es\/orientacion\/<\/a><\/td><\/tr><tr><td>Jes\u00fas Bordeje<br>jesus.bordeje.online@smbosque.es<\/td><td><a href=\"https:\/\/blogs.smbosque.es\/economia\/\">https:\/\/blogs.smbosque.es\/economia\/<\/a><\/td><\/tr><tr><td>Cristina Carrasco<br>cristina.carrasco.online@smbosque.es<\/td><td><a href=\"https:\/\/blogs.smbosque.es\/lengua4\/\">https:\/\/blogs.smbosque.es\/lengua4\/<\/a><br><a href=\"https:\/\/e.smbosque.es\">http:\/\/e.smbosque.es<\/a><\/td><\/tr><tr><td>Juan Pedro Carrasco<br>juanpedro.carrasco.online@smbosque.es<\/td><td><a href=\"https:\/\/blogs.smbosque.es\/juampe\/\">https:\/\/blogs.smbosque.es\/juampe\/<\/a><\/td><\/tr><tr><td>Bego\u00f1a Fano<br>bego.fano.online@smbosque.es<\/td><td><a href=\"https:\/\/blogs.smbosque.es\/matematicas1ciclo\/\">https:\/\/blogs.smbosque.es\/matematicas1ciclo\/<\/a><\/td><\/tr><tr><td>Benjamin Montoliu<br>benjamin.montoliu.online@smbosque.es<\/td><td><a href=\"https:\/\/blogs.smbosque.es\/csociales\/\">https:\/\/blogs.smbosque.es\/csociales<\/a><\/td><\/tr><tr><td>Fidel Garc\u00eda-Gesto<br>fidel.garcia.online@smbosque.es<\/td><td><a href=\"https:\/\/blogs.smbosque.es\/fidelsmb\/\">https:\/\/blogs.smbosque.es\/fidelsmb\/<\/a><\/td><\/tr><tr><td><\/td><td><\/td><\/tr><tr><td><\/td><td><br><\/td><\/tr><tr><td>Amaya Herrero<br>amaya.herrero.online@smbosque.es<\/td><td><a href=\"https:\/\/blogs.smbosque.es\/amaya\"> https:\/\/blogs.smbosque.es\/amaya <\/a><br><\/td><\/tr><tr><td>Juan Carlos Herrera<br>juancarlos.herrera.online@smbosque.es<\/td><td><a href=\"https:\/\/blogs.smbosque.es\/lenguabachiller\/\">https:\/\/blogs.smbosque.es\/lenguabachiller\/<\/a><\/td><\/tr><tr><td><\/td><td><\/td><\/tr><tr><td>Alejandro L\u00f3pez<br>alejandro.lopez.online@smbosque.es<\/td><td><a href=\"https:\/\/blogs.smbosque.es\/cienciasnaturales\/\">https:\/\/blogs.smbosque.es\/cienciasnaturales\/<\/a><\/td><\/tr><tr><td>Carlos L\u00f3pez<br>carlos.lopez.online@smbosque.es<\/td><td><a href=\"https:\/\/blogs.smbosque.es\/carloslopez\/\">https:\/\/blogs.smbosque.es\/carloslopez\/<\/a><\/td><\/tr><tr><td>Mar\u00eda Teresa Lozano<br>mariateresa.lozano.online@smbosque.es<\/td><td><a href=\"https:\/\/blogs.smbosque.es\/lenguaingles\/\">https:\/\/blogs.smbosque.es\/lenguaingles\/<\/a><\/td><\/tr><tr><td>Violeta Marco<br>violeta.marco.online@smbosque.es<\/td><td><a href=\"https:\/\/blogs.smbosque.es\/matesbachiller\/\">https:\/\/blogs.smbosque.es\/matesbachiller\/<\/a><\/td><\/tr><tr><td>Marta Marroig<br>marta.marroig.online@smbosque.es<\/td><td><a href=\"https:\/\/blogs.smbosque.es\/mates34eso\/\">https:\/\/blogs.smbosque.es\/mates34eso\/<\/a><\/td><\/tr><tr><td>Beatriz Minguez<br>beatriz.minguez.online@smbosque.es<\/td><td><a href=\"https:\/\/blogs.smbosque.es\/efisica\/\">https:\/\/blogs.smbosque.es\/efisica\/<\/a><\/td><\/tr><tr><td>Mar\u00eda Jes\u00fas Mor\u00e1n<br>mariajesus.moran.online@smbosque.es<\/td><td><a href=\"https:\/\/blogs.smbosque.es\/sargento\/\">https:\/\/blogs.smbosque.es\/sargento\/<\/a><br><a href=\"https:\/\/e.smbosque.es\">http:\/\/e.smbosque.es<\/a><\/td><\/tr><tr><td>Rosa Mu\u00f1oz<br>rosa.munoz.online@smbosque.es<\/td><td><a href=\"https:\/\/blogs.smbosque.es\/tecnologias\">https:\/\/blogs.smbosque.es\/tecnologias<\/a><\/td><\/tr><tr><td>M\u00f3nica Ortiz<br>monica.ortiz.online@smbosque.es<\/td><td><a href=\"https:\/\/blogs.smbosque.es\/monica\/\">https:\/\/blogs.smbosque.es\/monica\/<\/a><\/td><\/tr><tr><td>Paula Orzaez<br>paula.orzaez.online@smbosque.es<\/td><td><a href=\"https:\/\/blogs.smbosque.es\/paulahistoria\/\">https:\/\/blogs.smbosque.es\/paulahistoria\/<\/a><\/td><\/tr><tr><td><\/td><td><\/td><\/tr><tr><td>Pilar Sardinero<br>pilar.sardinero.online@smbosque.es<\/td><td><a href=\"https:\/\/blogs.smbosque.es\/ingles\/\">https:\/\/blogs.smbosque.es\/ingles\/<\/a><br><a href=\"https:\/\/e.smbosque.es\">http:\/\/e.smbosque.es<\/a><\/td><\/tr><tr><td>Purificaci\u00f3n Serrano<br>puri.serrano@smbosque.es<\/td><td><a href=\"https:\/\/blogs.smbosque.es\/historia\/\">https:\/\/blogs.smbosque.es\/historia\/<\/a><br><a href=\"https:\/\/blogs.smbosque.es\/historiauniversal\/\">https:\/\/blogs.smbosque.es\/historiauniversal\/<\/a><\/td><\/tr><tr><td>V\u00edctor Serrano<br>victor.serrano.online@smbosque.es<\/td><td><a href=\"https:\/\/blogs.smbosque.es\/frances\">https:\/\/blogs.smbosque.es\/frances<\/a><\/td><\/tr><tr><td>Olga Varade<br>olga.varade.online@smbosque.es<\/td><td><a href=\"https:\/\/blogs.smbosque.es\/olgavarade\/\">https:\/\/blogs.smbosque.es\/olgavarade\/<\/a><\/td><\/tr><tr><td>Beatriz Minguez<br>beatriz.minguez.online@smbosque.es<\/td><td><a href=\"https:\/\/blogs.smbosque.es\/manolo-efisica\/\">https:\/\/blogs.smbosque.es\/manolo-efisica\/<\/a><\/td><\/tr><tr><td><\/td><td><\/td><\/tr><tr><td><\/td><td><\/td><\/tr><\/tbody><\/table><\/figure>\n","protected":false},"excerpt":{"rendered":"<p>Te aconsejamos que sigas tu horario semanal y dediques el tiempo necesario para cada materia y sigas las indicaciones de tus profesores. Los profesores de Educaci\u00f3n Secundaria y Bachillerato utilizar\u00e1n diferentes medios de comunicaci\u00f3n Email, Blog, Moodle. Si tienes dudas contacta con tu profesor. Florencio Azores https:\/\/blogs.smbosque.es\/polentzihistoria\/ Carmen Azorescarmen@smbosque.es https:\/\/blogs.smbosque.es\/carmenazores\/ Xandra Blancoxandra.blanco.online@smbosque.es https:\/\/blogs.smbosque.es\/orientacion\/ Jes\u00fas Bordejejesus.bordeje.online@smbosque.es &hellip; <a href=\"https:\/\/blogs.smbosque.es\/online\/educacion-secundaria-y-bachillerato\/\">Seguir leyendo <span class=\"meta-nav\">&rarr;<\/span><\/a><\/p>\n","protected":false},"author":1,"featured_media":0,"parent":0,"menu_order":0,"comment_status":"closed","ping_status":"closed","template":"template-full-width.php","meta":{"footnotes":""},"class_list":["post-118","page","type-page","status-publish","hentry"],"_links":{"self":[{"href":"https:\/\/blogs.smbosque.es\/online\/wp-json\/wp\/v2\/pages\/118","targetHints":{"allow":["GET"]}}],"collection":[{"href":"https:\/\/blogs.smbosque.es\/online\/wp-json\/wp\/v2\/pages"}],"about":[{"href":"https:\/\/blogs.smbosque.es\/online\/wp-json\/wp\/v2\/types\/page"}],"author":[{"embeddable":true,"href":"https:\/\/blogs.smbosque.es\/online\/wp-json\/wp\/v2\/users\/1"}],"replies":[{"embeddable":true,"href":"https:\/\/blogs.smbosque.es\/online\/wp-json\/wp\/v2\/comments?post=118"}],"version-history":[{"count":25,"href":"https:\/\/blogs.smbosque.es\/online\/wp-json\/wp\/v2\/pages\/118\/revisions"}],"predecessor-version":[{"id":262,"href":"https:\/\/blogs.smbosque.es\/online\/wp-json\/wp\/v2\/pages\/118\/revisions\/262"}],"wp:attachment":[{"href":"https:\/\/blogs.smbosque.es\/online\/wp-json\/wp\/v2\/media?parent=118"}],"curies":[{"name":"wp","href":"https:\/\/api.w.org\/{rel}","templated":true}]}}