{"id":3384,"date":"2020-11-02T19:24:18","date_gmt":"2020-11-02T18:24:18","guid":{"rendered":"http:\/\/blogs.smbosque.es\/raullopez\/?page_id=3384"},"modified":"2020-11-04T19:42:55","modified_gmt":"2020-11-04T18:42:55","slug":"unidad-5-la-circulacion","status":"publish","type":"page","link":"https:\/\/blogs.smbosque.es\/raullopez\/4o-e-p\/natu\/unidad-5-la-circulacion\/","title":{"rendered":"Unidad 5 &#8211; La circulaci\u00f3n"},"content":{"rendered":"\n<figure class=\"wp-block-image\"><img decoding=\"async\" src=\"https:\/\/lh3.googleusercontent.com\/proxy\/YNFbOksYvxtAlmcdH4FuI8HfSk2HgZ17VLd37dMb8sPMjD0yAPDFYfnfNNpo49MhHR6abtp3uhc5McjsIUwk1MogMRNoFdajEV54e9oqvNDTgyZEzT9P2okMw3yhtxcDN3MlfG7tcja48J3Or3KuWRAIGfIVxiVd3qBYYOyhrEADxc6wLi8q63LovkiexOHQiLnss-PsT2SdP1mSsPR_APHTrfBx\" alt=\"Mapa conceptual | La circulaci\u00f3n en nuestro cuerpo\" \/><\/figure>\n\n\n\n<figure class=\"wp-block-image\"><img decoding=\"async\" src=\"https:\/\/2.bp.blogspot.com\/-96m_bXyzjX4\/UKWgKnl2onI\/AAAAAAAAFSg\/ohTRheDbaso\/s1600\/MAPA+CONCEPTUAL+DEL+SISTEMA+CIRCULATORIO.jpg\" alt=\"sistema circulatorio\" \/><\/figure>\n\n\n\n<figure class=\"wp-block-image\"><img decoding=\"async\" src=\"https:\/\/publicaciones.webcindario.com\/Exe%206%C2%BA\/Imagen15.png\" alt=\"Vasos sangu\u00edneos | C. DEL MEDIO 6\u00ba PRIMARIA\" \/><\/figure>\n\n\n\n<figure class=\"wp-block-embed-youtube wp-block-embed is-type-video is-provider-youtube wp-embed-aspect-16-9 wp-has-aspect-ratio\"><div class=\"wp-block-embed__wrapper\">\n<iframe loading=\"lazy\" title=\"EL SISTEMA CIRCULATORIO | V\u00eddeos Educativos para Ni\u00f1os\" width=\"640\" height=\"360\" src=\"https:\/\/www.youtube.com\/embed\/nsSg4Eq3LEo?feature=oembed\" frameborder=\"0\" allow=\"accelerometer; autoplay; clipboard-write; encrypted-media; gyroscope; picture-in-picture; web-share\" referrerpolicy=\"strict-origin-when-cross-origin\" allowfullscreen><\/iframe>\n<\/div><\/figure>\n\n\n\n<figure class=\"wp-block-embed-youtube wp-block-embed is-type-video is-provider-youtube wp-embed-aspect-16-9 wp-has-aspect-ratio\"><div class=\"wp-block-embed__wrapper\">\n<iframe loading=\"lazy\" title=\"EL CORAZ\u00d3N HUMANO | V\u00eddeos Educativos para Ni\u00f1os\" width=\"640\" height=\"360\" src=\"https:\/\/www.youtube.com\/embed\/WN6sAN2hcFM?feature=oembed\" frameborder=\"0\" allow=\"accelerometer; autoplay; clipboard-write; encrypted-media; gyroscope; picture-in-picture; web-share\" referrerpolicy=\"strict-origin-when-cross-origin\" allowfullscreen><\/iframe>\n<\/div><\/figure>\n\n\n\n<figure class=\"wp-block-embed-youtube wp-block-embed is-type-video is-provider-youtube wp-embed-aspect-16-9 wp-has-aspect-ratio\"><div class=\"wp-block-embed__wrapper\">\n<iframe loading=\"lazy\" title=\"El sistema circulatorio para ni\u00f1os | El cuerpo humano para ni\u00f1os\" width=\"640\" height=\"360\" src=\"https:\/\/www.youtube.com\/embed\/QOOhUdY43ig?feature=oembed\" frameborder=\"0\" allow=\"accelerometer; autoplay; clipboard-write; encrypted-media; gyroscope; picture-in-picture; web-share\" referrerpolicy=\"strict-origin-when-cross-origin\" allowfullscreen><\/iframe>\n<\/div><\/figure>\n\n\n\n<figure class=\"wp-block-embed-youtube wp-block-embed is-type-video is-provider-youtube wp-embed-aspect-16-9 wp-has-aspect-ratio\"><div class=\"wp-block-embed__wrapper\">\n<iframe loading=\"lazy\" title=\"El sistema circulatorio del cuerpo humano para ni\u00f1os - Smile and Learn\" width=\"640\" height=\"360\" src=\"https:\/\/www.youtube.com\/embed\/ZzATGDMNKYw?feature=oembed\" frameborder=\"0\" allow=\"accelerometer; autoplay; clipboard-write; encrypted-media; gyroscope; picture-in-picture; web-share\" referrerpolicy=\"strict-origin-when-cross-origin\" allowfullscreen><\/iframe>\n<\/div><\/figure>\n\n\n\n<p>Para seguir aprendiendo y practicar:<\/p>\n\n\n\n<p><a rel=\"noreferrer noopener\" href=\"http:\/\/ares.cnice.mec.es\/ciengehi\/b\/00\/animaciones\/a_fb05_03.html\" target=\"_blank\">http:\/\/ares.cnice.mec.es\/ciengehi\/b\/00\/animaciones\/a_fb05_03.html<\/a><\/p>\n\n\n\n<p><a rel=\"noreferrer noopener\" href=\"http:\/\/ceiploreto.es\/sugerencias\/skoool\/el_sistema_circulatorio\/index.html\" target=\"_blank\">http:\/\/ceiploreto.es\/sugerencias\/skoool\/el_sistema_circulatorio\/index.html<\/a><\/p>\n\n\n\n<p><a rel=\"noreferrer noopener\" href=\"http:\/\/repositorio.educa.jccm.es\/portal\/odes\/conocimiento_del_medio\/el_aparato_circulatorio_humano\/contenido\/index.html\" target=\"_blank\">http:\/\/repositorio.educa.jccm.es\/portal\/odes\/conocimiento_del_medio\/el_aparato_circulatorio_humano\/contenido\/index.html<\/a><\/p>\n\n\n\n<p><a rel=\"noreferrer noopener\" href=\"http:\/\/ceiploreto.es\/sugerencias\/cplosangeles.juntaextremadura.net\/web\/curso_4\/naturales_4\/la_circulacion\/la_circulacion.html\" target=\"_blank\">http:\/\/ceiploreto.es\/sugerencias\/cplosangeles.juntaextremadura.net\/web\/curso_4\/naturales_4\/la_circulacion\/la_circulacion.html<\/a><\/p>\n\n\n\n<p><\/p>\n","protected":false},"excerpt":{"rendered":"<p>Para seguir aprendiendo y practicar: http:\/\/ares.cnice.mec.es\/ciengehi\/b\/00\/animaciones\/a_fb05_03.html http:\/\/ceiploreto.es\/sugerencias\/skoool\/el_sistema_circulatorio\/index.html http:\/\/repositorio.educa.jccm.es\/portal\/odes\/conocimiento_del_medio\/el_aparato_circulatorio_humano\/contenido\/index.html http:\/\/ceiploreto.es\/sugerencias\/cplosangeles.juntaextremadura.net\/web\/curso_4\/naturales_4\/la_circulacion\/la_circulacion.html<\/p>\n","protected":false},"author":77,"featured_media":0,"parent":628,"menu_order":0,"comment_status":"closed","ping_status":"closed","template":"","meta":{"footnotes":""},"class_list":["post-3384","page","type-page","status-publish","hentry"],"jetpack_sharing_enabled":true,"_links":{"self":[{"href":"https:\/\/blogs.smbosque.es\/raullopez\/wp-json\/wp\/v2\/pages\/3384","targetHints":{"allow":["GET"]}}],"collection":[{"href":"https:\/\/blogs.smbosque.es\/raullopez\/wp-json\/wp\/v2\/pages"}],"about":[{"href":"https:\/\/blogs.smbosque.es\/raullopez\/wp-json\/wp\/v2\/types\/page"}],"author":[{"embeddable":true,"href":"https:\/\/blogs.smbosque.es\/raullopez\/wp-json\/wp\/v2\/users\/77"}],"replies":[{"embeddable":true,"href":"https:\/\/blogs.smbosque.es\/raullopez\/wp-json\/wp\/v2\/comments?post=3384"}],"version-history":[{"count":5,"href":"https:\/\/blogs.smbosque.es\/raullopez\/wp-json\/wp\/v2\/pages\/3384\/revisions"}],"predecessor-version":[{"id":3393,"href":"https:\/\/blogs.smbosque.es\/raullopez\/wp-json\/wp\/v2\/pages\/3384\/revisions\/3393"}],"up":[{"embeddable":true,"href":"https:\/\/blogs.smbosque.es\/raullopez\/wp-json\/wp\/v2\/pages\/628"}],"wp:attachment":[{"href":"https:\/\/blogs.smbosque.es\/raullopez\/wp-json\/wp\/v2\/media?parent=3384"}],"curies":[{"name":"wp","href":"https:\/\/api.w.org\/{rel}","templated":true}]}}