{"id":3784,"date":"2021-05-17T09:44:40","date_gmt":"2021-05-17T07:44:40","guid":{"rendered":"https:\/\/blogs.smbosque.es\/raullopez\/?page_id=3784"},"modified":"2021-05-17T09:47:06","modified_gmt":"2021-05-17T07:47:06","slug":"unidad-5-las-aguas-de-la-tierra","status":"publish","type":"page","link":"https:\/\/blogs.smbosque.es\/raullopez\/4o-e-p\/soci\/unidad-5-las-aguas-de-la-tierra\/","title":{"rendered":"Unidad 5 &#8211; Las aguas de La Tierra"},"content":{"rendered":"\n<p>1) Visualizar el v\u00eddeo y luego contestar a las preguntas de<a rel=\"noreferrer noopener\" aria-label=\" iDoceo (se abre en una nueva pesta\u00f1a)\" href=\"https:\/\/connect.idoceo.net\/\" target=\"_blank\"> iDoceo<\/a><br><strong>El agua en la naturaleza <\/strong><a rel=\"noreferrer noopener\" aria-label=\" (se abre en una nueva pesta\u00f1a)\" href=\"https:\/\/www.youtube.com\/watch?v=CF-JVFINsws\" target=\"_blank\">https:\/\/www.youtube.com\/watch?v=CF-JVFINsws<\/a><\/p>\n\n\n\n<figure class=\"wp-block-embed is-type-video is-provider-youtube wp-block-embed-youtube wp-embed-aspect-4-3 wp-has-aspect-ratio\"><div class=\"wp-block-embed__wrapper\">\n<iframe loading=\"lazy\" title=\"La Eduteca - El agua en la naturaleza\" width=\"640\" height=\"480\" src=\"https:\/\/www.youtube.com\/embed\/CF-JVFINsws?feature=oembed\" frameborder=\"0\" allow=\"accelerometer; autoplay; clipboard-write; encrypted-media; gyroscope; picture-in-picture; web-share\" referrerpolicy=\"strict-origin-when-cross-origin\" allowfullscreen><\/iframe>\n<\/div><\/figure>\n\n\n\n<p>2) Ver el v\u00eddeo y hacer un breve resumen en tu cuaderno.<br><strong>El ciclo del agua<\/strong> <a rel=\"noreferrer noopener\" aria-label=\" (se abre en una nueva pesta\u00f1a)\" href=\"https:\/\/www.youtube.com\/watch?v=QDCohXW6blg\" target=\"_blank\">https:\/\/www.youtube.com\/watch?v=QDCohXW6blg<\/a><\/p>\n\n\n\n<figure class=\"wp-block-embed is-type-video is-provider-youtube wp-block-embed-youtube wp-embed-aspect-16-9 wp-has-aspect-ratio\"><div class=\"wp-block-embed__wrapper\">\n<iframe loading=\"lazy\" title=\"El Ciclo del Agua | Videos Educativos para Ni\u00f1os\" width=\"640\" height=\"360\" src=\"https:\/\/www.youtube.com\/embed\/QDCohXW6blg?feature=oembed\" frameborder=\"0\" allow=\"accelerometer; autoplay; clipboard-write; encrypted-media; gyroscope; picture-in-picture; web-share\" referrerpolicy=\"strict-origin-when-cross-origin\" allowfullscreen><\/iframe>\n<\/div><\/figure>\n\n\n\n<p>3) Realizar las preguntas de <a rel=\"noreferrer noopener\" aria-label=\"iDoceo (se abre en una nueva pesta\u00f1a)\" href=\"https:\/\/connect.idoceo.net\/\" target=\"_blank\">iDoceo<\/a><br>PIN: 78143<\/p>\n\n\n\n<p>1) Repasar las partes del r\u00edo<br><\/p>\n\n\n\n<figure class=\"wp-block-image size-large\"><img loading=\"lazy\" decoding=\"async\" width=\"672\" height=\"601\" src=\"https:\/\/blogs.smbosque.es\/raullopez\/files\/2020\/03\/partes-del-r\u00edo.png\" alt=\"\" class=\"wp-image-230\" srcset=\"https:\/\/blogs.smbosque.es\/raullopez\/files\/2020\/03\/partes-del-r\u00edo.png 672w, https:\/\/blogs.smbosque.es\/raullopez\/files\/2020\/03\/partes-del-r\u00edo-300x268.png 300w\" sizes=\"auto, (max-width: 672px) 100vw, 672px\" \/><\/figure>\n\n\n\n<p>2) Ver el siguiente v\u00eddeo sobre los r\u00edos y copiar y definir en tu cuaderno los conceptos que aparecen en \u00e9l (r\u00edo, cauce&#8230;). Luego los tendr\u00e1s que poner tambi\u00e9n en <a aria-label=\"iDoceo (se abre en una nueva pesta\u00f1a)\" href=\"https:\/\/connect.idoceo.net\/\" target=\"_blank\" rel=\"noreferrer noopener\">iDoceo<\/a><br><a aria-label=\" (se abre en una nueva pesta\u00f1a)\" href=\"https:\/\/www.youtube.com\/watch?v=5UjuCMxT_NY\" target=\"_blank\" rel=\"noreferrer noopener\">https:\/\/www.youtube.com\/watch?v=5UjuCMxT_NY<\/a><\/p>\n\n\n\n<figure class=\"wp-block-embed is-type-video is-provider-youtube wp-block-embed-youtube wp-embed-aspect-4-3 wp-has-aspect-ratio\"><div class=\"wp-block-embed__wrapper\">\n<iframe loading=\"lazy\" title=\"La Eduteca - Los r\u00edos\" width=\"640\" height=\"480\" src=\"https:\/\/www.youtube.com\/embed\/5UjuCMxT_NY?feature=oembed\" frameborder=\"0\" allow=\"accelerometer; autoplay; clipboard-write; encrypted-media; gyroscope; picture-in-picture; web-share\" referrerpolicy=\"strict-origin-when-cross-origin\" allowfullscreen><\/iframe>\n<\/div><\/figure>\n\n\n\n<p>3) Visualiza el siguiente v\u00eddeo sobre las aguas subterr\u00e1neas, lagos, presas y acu\u00edferos.<br><a aria-label=\" (se abre en una nueva pesta\u00f1a)\" href=\"https:\/\/www.youtube.com\/watch?v=8pZY_6ascsk\" target=\"_blank\" rel=\"noreferrer noopener\">https:\/\/www.youtube.com\/watch?v=8pZY_6ascsk<\/a><\/p>\n\n\n\n<figure class=\"wp-block-embed is-type-video is-provider-youtube wp-block-embed-youtube wp-embed-aspect-4-3 wp-has-aspect-ratio\"><div class=\"wp-block-embed__wrapper\">\n<iframe loading=\"lazy\" title=\"La Eduteca - Aguas subterr\u00e1neas, lagos, presas y acu\u00edferos\" width=\"640\" height=\"480\" src=\"https:\/\/www.youtube.com\/embed\/8pZY_6ascsk?feature=oembed\" frameborder=\"0\" allow=\"accelerometer; autoplay; clipboard-write; encrypted-media; gyroscope; picture-in-picture; web-share\" referrerpolicy=\"strict-origin-when-cross-origin\" allowfullscreen><\/iframe>\n<\/div><\/figure>\n\n\n\n<p>3) Realiza las tareas de iDoceo con el PIN: <strong>82517<\/strong><\/p>\n\n\n\n<p>Para que no pare el ritmo&#8230; animaos a jugar a estos<a rel=\"noreferrer noopener\" href=\"https:\/\/www.mundoprimaria.com\/juegos-educativos\/juegos-mapas-espana\/rios\" target=\"_blank\"> <strong>juegos interactivos de los r\u00edos<\/strong>.<\/a> <a rel=\"noreferrer noopener\" href=\"https:\/\/www.mundoprimaria.com\/juegos-educativos\/juegos-mapas-espana\/rios\" target=\"_blank\">(Pulsa encima para acceder)<\/a><\/p>\n","protected":false},"excerpt":{"rendered":"<p>1) Visualizar el v\u00eddeo y luego contestar a las preguntas de iDoceoEl agua en la naturaleza https:\/\/www.youtube.com\/watch?v=CF-JVFINsws 2) Ver el v\u00eddeo y hacer un breve resumen en tu cuaderno.El ciclo del agua https:\/\/www.youtube.com\/watch?v=QDCohXW6blg 3) Realizar las preguntas de iDoceoPIN: 78143 &hellip; <a href=\"https:\/\/blogs.smbosque.es\/raullopez\/4o-e-p\/soci\/unidad-5-las-aguas-de-la-tierra\/\">Sigue leyendo <span class=\"meta-nav\">&rarr;<\/span><\/a><\/p>\n","protected":false},"author":77,"featured_media":0,"parent":642,"menu_order":5,"comment_status":"closed","ping_status":"closed","template":"","meta":{"footnotes":""},"class_list":["post-3784","page","type-page","status-publish","hentry"],"jetpack_sharing_enabled":true,"_links":{"self":[{"href":"https:\/\/blogs.smbosque.es\/raullopez\/wp-json\/wp\/v2\/pages\/3784","targetHints":{"allow":["GET"]}}],"collection":[{"href":"https:\/\/blogs.smbosque.es\/raullopez\/wp-json\/wp\/v2\/pages"}],"about":[{"href":"https:\/\/blogs.smbosque.es\/raullopez\/wp-json\/wp\/v2\/types\/page"}],"author":[{"embeddable":true,"href":"https:\/\/blogs.smbosque.es\/raullopez\/wp-json\/wp\/v2\/users\/77"}],"replies":[{"embeddable":true,"href":"https:\/\/blogs.smbosque.es\/raullopez\/wp-json\/wp\/v2\/comments?post=3784"}],"version-history":[{"count":4,"href":"https:\/\/blogs.smbosque.es\/raullopez\/wp-json\/wp\/v2\/pages\/3784\/revisions"}],"predecessor-version":[{"id":3788,"href":"https:\/\/blogs.smbosque.es\/raullopez\/wp-json\/wp\/v2\/pages\/3784\/revisions\/3788"}],"up":[{"embeddable":true,"href":"https:\/\/blogs.smbosque.es\/raullopez\/wp-json\/wp\/v2\/pages\/642"}],"wp:attachment":[{"href":"https:\/\/blogs.smbosque.es\/raullopez\/wp-json\/wp\/v2\/media?parent=3784"}],"curies":[{"name":"wp","href":"https:\/\/api.w.org\/{rel}","templated":true}]}}