{"id":185,"date":"2015-01-10T16:35:28","date_gmt":"2015-01-10T16:35:28","guid":{"rendered":"http:\/\/blogs.smbosque.es\/tecnologias\/?page_id=185"},"modified":"2020-03-30T11:27:02","modified_gmt":"2020-03-30T11:27:02","slug":"1obachillerato","status":"publish","type":"page","link":"https:\/\/blogs.smbosque.es\/tecnologias\/1obachillerato\/","title":{"rendered":"1\u00ba BACHILLERATO"},"content":{"rendered":"\n<p> <strong>ALUMNOS DE 1\u00ba Bachillerato A (d\u00eda 30\/3\/2020)<\/strong> <\/p>\n\n\n\n<p>Hola\nchicos, espero que todos sig\u00e1is bien, deseando que todo vuelva a la normalidad\naunque quiz\u00e1 no sea tan pronto como nos gustar\u00eda.<\/p>\n\n\n\n<p>Bueno\nseguimos trabajando, ahora nos toca hacer una presentaci\u00f3n powerpoint del\npersonaje que os toc\u00f3, una vez realizada me enviareis el fichero Word, el pdf y\nel powerpoint (osea los tres ficheros del personaje TIC) comprimidos en una\ncarpeta como ya sab\u00e9is hacerlo. <\/p>\n\n\n\n<p>Recuerdo\ncomo se hace por si acaso, es importante que todo lo relacionado con el\npersonaje TIC, est\u00e9 en una carpeta, el orden tambi\u00e9n en vuestro pc es\nimportante, por tanto seleccionais los tres ficheros, el Word, el pdf y el\npowerpoint, bot\u00f3n derecho del rat\u00f3n y eleg\u00eds la opci\u00f3n enviar a carpeta\ncomprimida, esa carpeta debe nombrase como siempre Apellido-Nombre, ojo as\u00ed\ncomo todos los ficheros que comprim\u00eds.<\/p>\n\n\n\n<p>Aqu\u00ed\nten\u00e9is un ejemplo del men\u00fa que debe aparecer al seleccionar los tres\nficheros\/bot\u00f3n derecho del rat\u00f3n\/Enviar a\/Carpeta comprimida.<\/p>\n\n\n\n<figure class=\"wp-block-image size-large\"><img loading=\"lazy\" decoding=\"async\" width=\"579\" height=\"663\" src=\"https:\/\/blogs.smbosque.es\/tecnologias\/files\/2020\/03\/comprimirficheros.png\" alt=\"\" class=\"wp-image-371\" srcset=\"https:\/\/blogs.smbosque.es\/tecnologias\/files\/2020\/03\/comprimirficheros.png 579w, https:\/\/blogs.smbosque.es\/tecnologias\/files\/2020\/03\/comprimirficheros-262x300.png 262w\" sizes=\"auto, (max-width: 579px) 100vw, 579px\" \/><\/figure>\n\n\n\n<p>En\ncaso de no tener el documento Word en el pc de vuestra casa, me envi\u00e1is solo el\npptx o ppt (es la extensi\u00f3n que tiene un powerpoint, seg\u00fan la versi\u00f3n de office\nque teng\u00e1is), u otra extensi\u00f3n en caso de usar libreOffice.<\/p>\n\n\n\n<p>Bueno,\nahora quiero daros unas indicaciones de c\u00f3mo debe hacerse la presentaci\u00f3n, no\nes un copia y pega del documento Word, una presentaci\u00f3n debe ser algo\nesquem\u00e1tico, la diapositivas no deben estar llenas de texto, debemos plasmar\nuna idea esquem\u00e1tica de nuestro personaje, para que la persona que vea la\npresentaci\u00f3n aprenda y tenga una idea del personaje, las presentaciones con\nmucho texto no las leemos y la idea de que alguien conozca a ese personaje\ndesaparece, todas las diapositivas, deben guardar uniformidad, color, tama\u00f1o\ndel texto, uniformidad en el dise\u00f1o, la persona que hace la presentaci\u00f3n debe tener\nconocimiento del personaje y ampliar de forma verbal cada una de las\npresentaciones as\u00ed el espectador escuchar\u00e1 y har\u00e1 las breves lecturas de la\npresentaci\u00f3n.<\/p>\n\n\n\n<p>Se me\nocurre que el documento Word quiz\u00e1 no lo ten\u00e9is en casa, en ese caso, como ya conoc\u00e9is\nal personaje echando un vistazo en la red ser\u00e1 suficiente para recoger\ninformaci\u00f3n.<\/p>\n\n\n\n<p>Os\nrecomiendo que antes de empezar hag\u00e1is un esquema sobre un papel del personaje,\nsus inventos, hac\u00e9is una clasificaci\u00f3n de los mismos, una secuenciaci\u00f3n de c\u00f3mo\nhan ido apareciendo los inventos, os quedar\u00e1 chula.<\/p>\n\n\n\n<p><strong>RECOMENDACIONES<\/strong>:<\/p>\n\n\n\n<ul class=\"wp-block-list\"><li>Uniformidad\nen las diapositivas. (tama\u00f1o texto, tipo de letra, dise\u00f1o, etc) ten\u00e9is libertad\npara elegir el tipo y tama\u00f1o de letra que os guste.<\/li><li>En\ncada diapositiva, poco texto y con un tama\u00f1o adecuado para verlo a una\ndistancia de 3 o 4 metros.<\/li><li>Puede\nocurrir que la biograf\u00eda o uno de los inventos os ocupe m\u00e1s de una diapositiva\npues las numerarios por ejemplo: Biograf\u00eda (1) la primera diapositiva que habla\nde la biograf\u00eda y Biograf\u00eda(2), exactamente igual con otro apartado de vuestra\npresentaci\u00f3n.<\/li><\/ul>\n\n\n\n<p><strong>REQUISITOS<\/strong><\/p>\n\n\n\n<ul class=\"wp-block-list\"><li>Deber\u00e1\nllevar al menos 4 fotos, del personaje o de sus inventos.<\/li><li>M\u00ednimo\nde 8 diapositivas y sin m\u00e1ximo de diapositivas. <\/li><li>Deber\u00e1\ntener un \u00edndice, en PowerP no disponemos de estilos como en Word, por tanto lo\nhar\u00e9is como lo hac\u00edais antes de aprender los estilos de Word, por tanto no se\npuede crear el \u00edndice de forma autom\u00e1tica, aqu\u00ed no es as\u00ed, por tanto escribes:\n1. Biograf\u00eda, 2 Inventos\u2026etc, en la primera diapositiva.<\/li><li>Debe\nser atractiva.<\/li><li>Debe\nrecoger informaci\u00f3n importante y\/o relevante del personaje o de sus inventos.<\/li><li>El\nfichero y la carpeta comprimida deber\u00e1 nombrarse de la siguiente forma:\nApellido-Nombre a la direcci\u00f3n de correo habilitada para esta situaci\u00f3n:\nrosa.munoz.online@smbosque.es<\/li><\/ul>\n\n\n\n<p>La informaci\u00f3n que debe\nrecoger la presentaci\u00f3n sobre el personaje o sus inventos es la misma que\nrecogisteis en el documento Word, a continuaci\u00f3n os la vuelvo a recordar: <\/p>\n\n\n\n<h1 class=\"wp-block-heading\"><em>Enunciado<\/em><\/h1>\n\n\n\n<p><em>Se\npropone la realizaci\u00f3n de un trabajo sobre personajes hist\u00f3ricos del desarrollo\nde las TICs (<strong>T<\/strong>ecnolog\u00edas de la <strong>I<\/strong>nformaci\u00f3n y de la <strong>C<\/strong>omunicaci\u00f3n) y sobre sus invenciones\nrealizadas. El trabajo tiene un gui\u00f3n abierto en el que cada cual puede decidir\nel contenido del trabajo pero que tiene que incluir al menos los siguientes\npuntos:<\/em><\/p>\n\n\n\n<ol class=\"wp-block-list\"><li><em>Biograf\u00eda de los\nautores (unas 20 l\u00edneas m\u00e1ximo)<\/em><\/li><li><em>Explicaci\u00f3n del invento\no de la empresa TIC que crearon<\/em><\/li><li><em>Trascendencia en el\nmundo de las TICs y en la Sociedad actual de la Informaci\u00f3n (\u00bfC\u00f3mo ha influido\nese invento en el desarrollo de las TICs? \u00bfY c\u00f3mo ha influido en el desarrollo\nde la S.I. (<strong>S<\/strong>ociedad de la <strong>I<\/strong>nformaci\u00f3n)?)<\/em><\/li><li><em>Bibliograf\u00eda (Los\nenlaces deben contener URL y fecha de la consulta, los libros deben contener\nc\u00f3digo ISBN) Toda la informaci\u00f3n con la que se ha realizado el trabajo debe\nestar accesible a trav\u00e9s de la bibliograf\u00eda. <strong>NO HACE FALTA<\/strong><\/em><\/li><\/ol>\n\n\n\n<p><em>Otros puntos que pueden incluir seg\u00fan lo\nconsidere el autor del trabajo son:<\/em><\/p>\n\n\n\n<ul class=\"wp-block-list\"><li><em>Como influyen los\npersonajes o sus invenciones en personajes o invenciones posteriores.<\/em><\/li><li><em>Como ha llegado ese\ninvento, empresa o el propio personaje a nuestros d\u00edas<\/em><\/li><li><em>C\u00f3mo puede evolucionar\nel invento o empresa en el futuro<\/em><\/li><li><em>An\u00e9cdotas sobre el\ninvento o la vida del autor<\/em><\/li><li><em>Opiniones personales<\/em><\/li><li><em>Etc.<\/em><\/li><\/ul>\n\n\n\n<p>El uso\nde PowerPoint, es bastante intuitivo, seguro que ya hab\u00e9is hecho alguna en otra\nocasi\u00f3n, si alguien tiene alg\u00fan problema que me lo diga, quiero hacer hincapi\u00e9\nen el contenido de la presentaci\u00f3n, en saber recoger la informaci\u00f3n importante\ndel personaje y exponerla, sobretodo en no llenar la diapositiva de texto.<br><\/p>\n\n\n\n<figure class=\"wp-block-table\"><table class=\"\"><tbody><tr><td>\n  <strong>CRITERIOS\n  DE CALIFICACI\u00d3N<\/strong>\n  <\/td><\/tr><tr><td>\n  <strong>Criterio<\/strong>\n  <\/td><td>\n  <strong>Puntuaci\u00f3n<\/strong>\n  <\/td><\/tr><tr><td>\n  Est\u00e9tica\n  <\/td><td>\n  1 punto\n  <\/td><\/tr><tr><td>\n  Esquematizaci\u00f3n de la presentaci\u00f3n\n  <\/td><td>\n  2 puntos\n  <\/td><\/tr><tr><td>\n  4 fotos\n  <\/td><td>\n  1 punto\n  <\/td><\/tr><tr><td>\n  \u00cdndice\n  <\/td><td>\n  1 punto\n  <\/td><\/tr><tr><td>\n  8 diapositivas\n  <\/td><td>\n  1 punto\n  <\/td><\/tr><tr><td>\n  Informaci\u00f3n importatante y\/o relevante\n  <\/td><td>\n  2 puntos\n  <\/td><\/tr><tr><td>\n  Bien nombrado el fichero\n  <\/td><td>\n  1 punto\n  <\/td><\/tr><tr><td>\n  Entrega en el d\u00eda\n  <\/td><td>\n  1 punto\n  <\/td><\/tr><tr><td>\n  Total\n  <\/td><td>\n  10 puntos\n  <\/td><\/tr><\/tbody><\/table><\/figure>\n\n\n\n<p>RECUERDO:<\/p>\n\n\n\n<p>Deb\u00e9is\nenviarlo al correo <a href=\"mailto:rosa.munoz.online@smbosque.es\">rosa.munoz.online@smbosque.es<\/a>, el\nnombre de la carpeta comprimida o del fichero debe ser: Apellido-Nombre, no\ndebe haber nada delante de apellido ni detr\u00e1s de nombre.<\/p>\n\n\n\n<p>La\nentrega se realizar\u00e1 despu\u00e9s de Semana Santa, ten\u00e9is dos horas de clase esta\nsemana y otras dos la semana despu\u00e9s de S Santa, por tanto el trabajo se entregar\u00e1\nel d\u00eda 17 de abril, antes de las 15 horas debe estar entregado.&nbsp; <\/p>\n\n\n\n<p>En principio los martes voy a dar instrucciones y el\nsiguiente martes deb\u00e9is entregarme lo que os pida, espero que a trav\u00e9s de\nDropbox estemos en contacto como si estuvi\u00e9semos en el aula, &nbsp;el viernes borrar\u00e9 las carpetas que subisteis,\npara disponer de vuestros ficheros para poder trabajar.<\/p>\n\n\n\n<p><\/p>\n\n\n\n<p>ESPECIAL CORONAVIRUS<\/p>\n\n\n\n<p><\/p>\n\n\n\n<p><strong>ALUMNOS DE 1\u00ba Bachillerato A (d\u00eda 17\/3\/2020)<\/strong><\/p>\n\n\n\n<p>Hola chicos..!!, espero que todos os encontr\u00e9is bien,\nrespetando las recomendaciones de las autoridades sanitarias, vamos a trabajar\nun poco, para poder cumplir los contenidos de este a\u00f1o.<\/p>\n\n\n\n<p>El mi\u00e9rcoles 18, todos ten\u00e9is que haberme enviado el\nejercicio de compresi\u00f3n de audio, deb\u00e9is hacerlo a al correo electr\u00f3nico\nhabilitado para esta situaci\u00f3n: <a href=\"mailto:rosa.munoz.online@smbosque.es\"><strong>rosa.munoz.online@smbosque.es<\/strong><\/a>no en Dropbox.<\/p>\n\n\n\n<p>Cualquier duda hac\u00e9rmela llegar, pero no la utilic\u00e9is como\nescusa para no entregar, es fundamental que TODOS entregu\u00e9is lo que se os vaya\npididiendo.<\/p>\n\n\n\n<p>Como sabemos aplicar estilos, vamos a volver a aplicarlos en\nte documento, entonces:<\/p>\n\n\n\n<ol class=\"wp-block-list\"><li>Dej\u00e1is los enunciados de cada uno de los puntos\ndel ejercicio de compresi\u00f3n.<\/li><li>Vamos hacer un \u00edndice, aplicaremos\nestilos\u2026T\u00edtulo 1, t\u00edtulo 2, etc para poder hacer el \u00edndice.<\/li><li>El punto 1 se llamar\u00e1 C\u00e1lculo de ficheros\ncomprimidos<\/li><li>El punto 2 Compresi\u00f3n de ficheros<\/li><li>El punto 3 Compresi\u00f3n formato APE<\/li><li>&nbsp;As\u00ed\nsucesivamente\u2026<\/li><\/ol>\n\n\n\n<p>Osea: <\/p>\n\n\n\n<p>1.- C\u00e1lculo de ficheros comprimidos<\/p>\n\n\n\n<p>Ahora vendr\u00e1 el enunciado del apartado 1<\/p>\n\n\n\n<p>Respuesta del apartado 1<\/p>\n\n\n\n<p>2.- Compresi\u00f3n de ficheros<\/p>\n\n\n\n<p>Ahora vendr\u00e1 el enunciado del apartado 2<\/p>\n\n\n\n<p>Respuesta del apartado 2<\/p>\n\n\n\n<p>3.- Compresi\u00f3n formato APE<\/p>\n\n\n\n<p>Ahora vendr\u00eda el enunciado de la respuesta 3<\/p>\n\n\n\n<p>Respuesta apartado 3<\/p>\n\n\n\n<p>Se trata de crear estos mini-enunciados para poder crear un\n\u00edndice con ellos.<\/p>\n\n\n\n<p>Cada curso tiene unas indicaciones parecidas pero no coincidentes en el tiempo, por tanto no transmit\u00e1is cosas de vuestro grupo a otro, no por nada especial sino porque cada grupo tiene un ritmo, podr\u00eda crear desorden e incumplimientos o adelantos de entregas.<\/p>\n\n\n\n<p>En la carpeta de dropbox ten\u00e9is lo que deb\u00e9is de entregar, gracias.<\/p>\n\n\n\n<p><\/p>\n\n\n\n<p><\/p>\n","protected":false},"excerpt":{"rendered":"<p>ALUMNOS DE 1\u00ba Bachillerato A (d\u00eda 30\/3\/2020) Hola chicos, espero que todos sig\u00e1is bien, deseando que todo vuelva a la normalidad aunque quiz\u00e1 no sea tan pronto como nos gustar\u00eda. Bueno seguimos trabajando, ahora nos toca hacer una presentaci\u00f3n powerpoint &hellip; <a href=\"https:\/\/blogs.smbosque.es\/tecnologias\/1obachillerato\/\">Sigue leyendo <span class=\"meta-nav\">&rarr;<\/span><\/a><\/p>\n","protected":false},"author":17,"featured_media":243,"parent":0,"menu_order":0,"comment_status":"open","ping_status":"open","template":"","meta":{"footnotes":""},"class_list":["post-185","page","type-page","status-publish","has-post-thumbnail","hentry"],"_links":{"self":[{"href":"https:\/\/blogs.smbosque.es\/tecnologias\/wp-json\/wp\/v2\/pages\/185","targetHints":{"allow":["GET"]}}],"collection":[{"href":"https:\/\/blogs.smbosque.es\/tecnologias\/wp-json\/wp\/v2\/pages"}],"about":[{"href":"https:\/\/blogs.smbosque.es\/tecnologias\/wp-json\/wp\/v2\/types\/page"}],"author":[{"embeddable":true,"href":"https:\/\/blogs.smbosque.es\/tecnologias\/wp-json\/wp\/v2\/users\/17"}],"replies":[{"embeddable":true,"href":"https:\/\/blogs.smbosque.es\/tecnologias\/wp-json\/wp\/v2\/comments?post=185"}],"version-history":[{"count":13,"href":"https:\/\/blogs.smbosque.es\/tecnologias\/wp-json\/wp\/v2\/pages\/185\/revisions"}],"predecessor-version":[{"id":372,"href":"https:\/\/blogs.smbosque.es\/tecnologias\/wp-json\/wp\/v2\/pages\/185\/revisions\/372"}],"wp:featuredmedia":[{"embeddable":true,"href":"https:\/\/blogs.smbosque.es\/tecnologias\/wp-json\/wp\/v2\/media\/243"}],"wp:attachment":[{"href":"https:\/\/blogs.smbosque.es\/tecnologias\/wp-json\/wp\/v2\/media?parent=185"}],"curies":[{"name":"wp","href":"https:\/\/api.w.org\/{rel}","templated":true}]}}